{"id":175,"date":"2017-01-10T11:27:31","date_gmt":"2017-01-10T11:27:31","guid":{"rendered":"http:\/\/iphysio.es\/?page_id=175"},"modified":"2024-10-15T12:46:47","modified_gmt":"2024-10-15T10:46:47","slug":"colico-del-lactante","status":"publish","type":"page","link":"https:\/\/iphysio.es\/index.php\/nuestros-servicios\/fisioterapia-talavera-de-la-reina\/colico-del-lactante\/","title":{"rendered":"C\u00f3lico del lactante"},"content":{"rendered":"<h1 style=\"text-align: left;\"><strong>C\u00d3LICO DEL LACTANTE<\/strong><\/h1>\n<h4><div class=\"su-quote su-quote-style-default su-quote-has-cite\"><div class=\"su-quote-inner su-u-clearfix su-u-trim\">El c\u00f3lico del lactante es un proceso complejo y multifactorial que requiere un abordaje integral y personalizado. Cada beb\u00e9 es \u00fanico, y descubrir la causa es clave para aliviar los s\u00edntomas. Con mi experiencia, te ayudar\u00e9 a encontrar la soluci\u00f3n y devolver la calma a tu beb\u00e9 y familia.<span class=\"su-quote-cite\">Pedro Camacho<\/span><\/div><\/div><\/h4>\n<p><span style=\"color: #000000;\"><em>Pedro Camacho\u00a0es enfermero en el \u00e1mbito de la Atenci\u00f3n Primaria y Especializada con amplia experiencia en Pediatr\u00eda y Neonatolog\u00eda. <strong>Reconocido como uno de los mayores expertos a nivel mundial en el tratamiento del c\u00f3lico del lactante<\/strong> (<span style=\"color: #993366;\"><a style=\"color: #993366;\" href=\"https:\/\/mireciennacido.com\" target=\"_blank\" rel=\"noopener\">mireciennacido.com<\/a><\/span> y <span style=\"color: #993366;\"><a style=\"color: #993366;\" href=\"https:\/\/colicolactantetalavera.com\" target=\"_blank\" rel=\"noopener\">colicolactantetalavera.com<\/a><\/span>), Pedro ha logrado un alto nivel de satisfacci\u00f3n entre los padres, quienes destacan su dedicaci\u00f3n y efectividad. Desde la apertura de su consulta en 2010, <strong>ha ayudado a miles de beb\u00e9s creando su m\u00e9todo propio, patentado y registrado<\/strong>, destac\u00e1ndose como un profesional de la enfermer\u00eda en pediatr\u00eda con las mejores valoraciones.\u00a0Su dilatada experiencia lo convierte en un referente para padres y profesionales de la salud. Ejerce adem\u00e1s como <strong>divulgador sanitario<\/strong> en redes sociales (<span style=\"color: #993366;\"><a style=\"color: #993366;\" href=\"https:\/\/www.instagram.com\/mireciennacido\/\" target=\"_blank\" rel=\"noopener\">@mireciennacido<\/a><\/span>) con un enfoque pr\u00e1ctico y basado en la evidencia cient\u00edfica.\u00a0Es <strong>autor de varios libros influyentes<\/strong> sobre el cuidado y la salud del beb\u00e9 y participa en reconocidos medios digitales, radio y televisi\u00f3n.<\/em><\/span><\/p>\n<hr \/>\n<p style=\"text-align: left;\"><img loading=\"lazy\" decoding=\"async\" class=\"wp-image-10 alignleft\" src=\"https:\/\/iphysio.es\/wp-content\/uploads\/2016\/11\/colico-2-DESENFOCADA-600x400.jpg\" alt=\"C\u00f3lico del lactante\" width=\"463\" height=\"308\" \/><img loading=\"lazy\" decoding=\"async\" class=\"alignright wp-image-11156 size-medium\" src=\"https:\/\/iphysio.es\/wp-content\/uploads\/2024\/09\/Pedro-Camacho-225x300.jpg\" alt=\"\" width=\"225\" height=\"308\" \/>Desde 2010 la consulta de enfermer\u00eda de <a href=\"https:\/\/iphysio.es\/index.php\/pedro-camacho\/\" target=\"_blank\" rel=\"noopener\">Pedro Camacho<\/a> proporciona una <strong>soluci\u00f3n integral, inmediata y efectiva para el manejo del c\u00f3lico del lactante y otros trastornos digestivos<\/strong> que son comunes en la infancia temprana y pueden provocar s\u00edntomas inc\u00f3modos para el beb\u00e9, como el reflujo gastroesof\u00e1gico, el estre\u00f1imiento, etc.<\/p>\n<p>Con su <strong>m\u00e9todo propio<\/strong> proporciona soluciones efectivas que <strong>mejoran significativamente la calidad de vida de los beb\u00e9s<\/strong> y sus familias sin ning\u00fan tipo de contraindicaci\u00f3n ni efectos secundarios conocidos.<\/p>\n<p>Con <strong>un enfoque integral<\/strong>, ofrece soluciones efectivas, informaci\u00f3n exclusiva y apoyo continuo para garantizar el bienestar del beb\u00e9 y la tranquilidad de los padres.\u00a0La duraci\u00f3n aproximada de la consulta es de 45-60 minutos.<\/p>\n<h2><strong>\u00bfQue\u0301 es el co\u0301lico del lactante?<\/strong><\/h2>\n<p>El co\u0301lico del lactante es un episodio de llanto de inicio su\u0301bito secundario a un dolor intermitente de la zona de la tripa y la barriga que aparece y desaparece. No se sabe cua\u0301ndo se manifiesta ni cua\u0301ndo se calma.<\/p>\n<h6><strong><em><img loading=\"lazy\" decoding=\"async\" class=\"wp-image-8673 alignright\" src=\"https:\/\/iphysio.es\/wp-content\/uploads\/2022\/04\/colico-del-lactante-e1650559230223.png\" alt=\"\" width=\"341\" height=\"290\" srcset=\"https:\/\/iphysio.es\/wp-content\/uploads\/2022\/04\/colico-del-lactante-e1650559230223.png 445w, https:\/\/iphysio.es\/wp-content\/uploads\/2022\/04\/colico-del-lactante-e1650559230223-300x256.png 300w\" sizes=\"auto, (max-width: 341px) 100vw, 341px\" \/><\/em><\/strong><\/h6>\n<ul>\n<li><strong>El llanto y el dolor no se calman<\/strong> ni al comer ni al cogerlo y pueden durar bastante tiempo, en ocasiones hasta 2 o 3 horas. Adema\u0301s, es un llanto intenso claramente diferenciable del llanto por hambre o molestia en el pan\u0303al que necesita ser cambiado.<\/li>\n<li>Generalmente, <strong>aparece entre los 15 y 45 di\u0301as de vida<\/strong> y puede durar 3 o 4 meses para despue\u0301s desaparecer. No es fa\u0301cil de identificar y de solucionar, ya que intervienen muchos factores que lo condicionan.<\/li>\n<li>Se trata de un <strong>conjunto de molestias digestivas<\/strong> que le suceden al bebe\u0301 desde su nacimiento hasta pasados unos meses, como consecuencia de esa adaptacio\u0301n del recie\u0301n nacido al medio extrauterino. Es decir, de su proceso de maduracio\u0301n de su sistema digestivo, y que se manifiestan por su cara\u0301cter irritable, el dolor tipo co\u0301lico y, co\u0301mo no, el llanto.<\/li>\n<\/ul>\n<h2><img loading=\"lazy\" decoding=\"async\" class=\"wp-image-1422 alignleft\" src=\"https:\/\/iphysio.es\/wp-content\/uploads\/2018\/08\/hand-man-person-people-play-boy-1153001-pxhere.com_-683x1024.jpg\" alt=\"C\u00f3lico del lactante\" width=\"235\" height=\"352\" srcset=\"https:\/\/iphysio.es\/wp-content\/uploads\/2018\/08\/hand-man-person-people-play-boy-1153001-pxhere.com_-683x1024.jpg 683w, https:\/\/iphysio.es\/wp-content\/uploads\/2018\/08\/hand-man-person-people-play-boy-1153001-pxhere.com_-200x300.jpg 200w, https:\/\/iphysio.es\/wp-content\/uploads\/2018\/08\/hand-man-person-people-play-boy-1153001-pxhere.com_.jpg 720w\" sizes=\"auto, (max-width: 235px) 100vw, 235px\" \/><\/h2>\n<p><strong>El co\u0301lico del lactante es un feno\u0301meno complejo que puede tener mu\u0301ltiples causas subyacentes.<\/strong> Puede originarse debido a una serie de factores, ya sea de manera individual o en combinacio\u0301n. Estas causas pueden incluir la inmadurez intestinal, dificultad en la expulsio\u0301n de gases, desequilibrios en la flora intestinal, fatiga extrema o una sobrecarga de esti\u0301mulos.<\/p>\n<p>Adema\u0301s, el co\u0301lico <strong>puede estar relacionado con la falta de rutinas establecidas<\/strong> o la ansiedad y nerviosismo de los padres, quienes a veces reaccionan de manera exagerada ante el llanto del bebe\u0301. Es importante destacar que esta inseguridad y preocupacio\u0301n de los padres pueden transmitirse al bebe\u0301, exacerbando sus si\u0301ntomas. Adicionalmente, el co\u0301lico del lactante puede <strong>ser resultado de alergias alimentarias<\/strong>, como la alergia a la protei\u0301na de la leche de vaca,<strong> o de una combinacio\u0301n de varias de estas causas<\/strong>, en cuyo caso tendra\u0301 que ser diagnosticado por su pediatra.<\/p>\n<h5><div class=\"su-quote su-quote-style-default\"><div class=\"su-quote-inner su-u-clearfix su-u-trim\">En resumen, el co\u0301lico del lactante es un problema complejo y multifactorial, y su origen puede variar significativamente de un bebe\u0301 a otro. Es importante comprender estas posibles causas para poder abordar y aliviar los si\u0301ntomas de manera efectiva.<\/div><\/div><\/h5>\n<div class=\"su-pullquote su-pullquote-align-left\"><span style=\"color: #000000;\"><em>He visto casos en los que el bebe\u0301 puede tener una molestia continua durante todo el di\u0301a y otros en los que suelen aparecer por la tarde\/noche (que es lo ma\u0301s frecuente), acompan\u0303ados de piernas encogidas y enrojecimiento de la piel.<\/em><\/span><\/div>\n<p>No tienen porque ser diarios, pero <strong>ocurren al menos 2 o 3 veces a la semana<\/strong> y durante varias semanas. Cuando cede el episodio de dolor, el bebe\u0301 parece sano, come bien, gana bastante peso, duerme adecuadamente y esta\u0301 feliz.<\/p>\n<p>Si, por el contrario, nuestro bebe\u0301 no gana peso con normalidad, rechaza el alimento, esta\u0301 irritable durante todo el di\u0301a, el llanto no cede en 2 o 3 horas o se acompan\u0303a de palidez, sudoracio\u0301n y decaimiento, asocia vo\u0301mitos, deposiciones con sangre o fiebre, debemos consultar.<\/p>\n<hr \/>\n<div class=\"su-row\"><div class=\"su-column su-column-size-3-5\"><div class=\"su-column-inner su-u-clearfix su-u-trim\"><img loading=\"lazy\" decoding=\"async\" class=\"size-full wp-image-11019 alignleft\" src=\"https:\/\/iphysio.es\/wp-content\/uploads\/2024\/04\/pide-cita-e1713701255266.jpg\" alt=\"\" width=\"300\" height=\"95\" \/><strong>Si desea solicitar una cita por un problema relacionado con un c\u00f3lico del lactante\u00a0o la nutrici\u00f3n pedi\u00e1trica y perinatal, tiene a su disposici\u00f3n:\u00a0<\/strong><\/div><\/div> <div class=\"su-column su-column-size-1-5\"><div class=\"su-column-inner su-u-clearfix su-u-trim\"><strong>Tel\u00e9fono<\/strong><\/p>\n<ul>\n<li><strong>925 68 12 02<\/strong><\/li>\n<li><strong>625 455 791<\/strong><\/li>\n<\/ul>\n<\/div><\/div><div class=\"su-column su-column-size-1-5\"><div class=\"su-column-inner su-u-clearfix su-u-trim\"><strong>WhastApp<\/strong><\/p>\n<ul>\n<li><strong>625 455 791<\/strong><\/li>\n<li><strong>657 658 269<\/strong><\/div><\/div><\/div><\/li>\n<\/ul>\n<div class=\"su-note\"  style=\"border-color:#dfdfdf;border-radius:2px;-moz-border-radius:2px;-webkit-border-radius:2px;\"><div class=\"su-note-inner su-u-clearfix su-u-trim\" style=\"background-color:#f9f9f9;border-color:#ffffff;color:#3c3c3c;border-radius:2px;-moz-border-radius:2px;-webkit-border-radius:2px;\">\n<table id=\"tablepress-13\" class=\"tablepress tablepress-id-13\">\n<tbody class=\"row-hover\">\n<tr class=\"row-1\">\n\t<td class=\"column-1\"><b>Servicios Cl\u00ednica iPhysio<\/b><\/td><td class=\"column-2\"><a href=\"https:\/\/iphysio.es\/index.php\/nuestros-servicios\/fisioterapia-talavera-de-la-reina\/\"> \u00b7 Fisioterapia<\/a><\/td><td class=\"column-3\"><a href=\"https:\/\/iphysio.es\/index.php\/unidad-para-la-mujer-2\/\"> \u00b7 Unidad para la mujer<\/a><\/td><td class=\"column-4\"><a href=\"https:\/\/iphysio.es\/index.php\/nuestros-servicios\/fisioterapia-talavera-de-la-reina\/colico-del-lactante\/\"> \u00b7 Lactantes<\/a><\/td><td class=\"column-5\"><a href=\"https:\/\/iphysio.es\/index.php\/nuestros-servicios\/nutricion-y-dietetica-talavera\/\">\u00b7 Nutrici\u00f3n<\/a><\/td><td class=\"column-6\"><a href=\"https:\/\/iphysio.es\/index.php\/nuestros-servicios\/actividades-en-sala-cuidar-tu-cuerpo\/\">\u00b7 Pilates<\/a><\/td><td class=\"column-7\"><a href=\"https:\/\/iphysio.es\/index.php\/entrenamiento-deportivo\/\">\u00b7 Entrenamiento<\/a><\/td>\n<\/tr>\n<\/tbody>\n<\/table>\n<!-- #tablepress-13 from cache --><\/div><\/div>\n ","protected":false},"excerpt":{"rendered":"<p>C\u00d3LICO DEL LACTANTE Pedro Camacho\u00a0es enfermero en el \u00e1mbito de la Atenci\u00f3n Primaria y Especializada con amplia experiencia en Pediatr\u00eda y Neonatolog\u00eda. Reconocido como uno de los mayores expertos a nivel mundial en el tratamiento del c\u00f3lico del lactante (mireciennacido.com y colicolactantetalavera.com), Pedro ha logrado un alto nivel de satisfacci\u00f3n entre los padres, quienes destacan su dedicaci\u00f3n y efectividad. Desde la apertura de su consulta en 2010, ha ayudado a miles de beb\u00e9s creando su m\u00e9todo propio, patentado y registrado,&hellip;<\/p>\n","protected":false},"author":1,"featured_media":0,"parent":52,"menu_order":0,"comment_status":"closed","ping_status":"closed","template":"","meta":{"footnotes":"","_links_to":"","_links_to_target":""},"class_list":["post-175","page","type-page","status-publish","hentry"],"yoast_head":"<!-- This site is optimized with the Yoast SEO plugin v27.6 - https:\/\/yoast.com\/product\/yoast-seo-wordpress\/ -->\n<title>C\u00f3lico del Lactante en Talavera, Pedro Camacho| Cl\u00ednica iPhysio Therapy<\/title>\n<meta name=\"description\" content=\"C\u00f3lico del lactante, tratamiento en Talavera de la Reina por el especialista Pedro Camacho, uno de los mayores expertos a nivel mundial.\" \/>\n<meta name=\"robots\" content=\"index, follow, max-snippet:-1, max-image-preview:large, max-video-preview:-1\" \/>\n<link rel=\"canonical\" href=\"https:\/\/iphysio.es\/index.php\/nuestros-servicios\/fisioterapia-talavera-de-la-reina\/colico-del-lactante\/\" \/>\n<meta property=\"og:locale\" content=\"es_ES\" \/>\n<meta property=\"og:type\" content=\"article\" \/>\n<meta property=\"og:title\" content=\"C\u00f3lico del Lactante en Talavera, Pedro Camacho| Cl\u00ednica iPhysio Therapy\" \/>\n<meta property=\"og:description\" content=\"C\u00f3lico del lactante, tratamiento en Talavera de la Reina por el especialista Pedro Camacho, uno de los mayores expertos a nivel mundial.\" \/>\n<meta property=\"og:url\" content=\"https:\/\/iphysio.es\/index.php\/nuestros-servicios\/fisioterapia-talavera-de-la-reina\/colico-del-lactante\/\" \/>\n<meta property=\"og:site_name\" content=\"Cl\u00ednica iPhysio Therapy\" \/>\n<meta property=\"article:publisher\" content=\"https:\/\/www.facebook.com\/iPhysioTalavera\/\" \/>\n<meta property=\"article:modified_time\" content=\"2024-10-15T10:46:47+00:00\" \/>\n<meta property=\"og:image\" content=\"https:\/\/iphysio.es\/wp-content\/uploads\/2016\/11\/colico-2-DESENFOCADA-600x400.jpg\" \/>\n<meta name=\"twitter:card\" content=\"summary_large_image\" \/>\n<meta name=\"twitter:site\" content=\"@IphysioT\" \/>\n<meta name=\"twitter:label1\" content=\"Tiempo de lectura\" \/>\n\t<meta name=\"twitter:data1\" content=\"5 minutos\" \/>\n<script type=\"application\/ld+json\" class=\"yoast-schema-graph\">{\"@context\":\"https:\\\/\\\/schema.org\",\"@graph\":[{\"@type\":\"WebPage\",\"@id\":\"https:\\\/\\\/iphysio.es\\\/index.php\\\/nuestros-servicios\\\/fisioterapia-talavera-de-la-reina\\\/colico-del-lactante\\\/\",\"url\":\"https:\\\/\\\/iphysio.es\\\/index.php\\\/nuestros-servicios\\\/fisioterapia-talavera-de-la-reina\\\/colico-del-lactante\\\/\",\"name\":\"C\u00f3lico del Lactante en Talavera, Pedro Camacho| Cl\u00ednica iPhysio Therapy\",\"isPartOf\":{\"@id\":\"https:\\\/\\\/iphysio.es\\\/#website\"},\"primaryImageOfPage\":{\"@id\":\"https:\\\/\\\/iphysio.es\\\/index.php\\\/nuestros-servicios\\\/fisioterapia-talavera-de-la-reina\\\/colico-del-lactante\\\/#primaryimage\"},\"image\":{\"@id\":\"https:\\\/\\\/iphysio.es\\\/index.php\\\/nuestros-servicios\\\/fisioterapia-talavera-de-la-reina\\\/colico-del-lactante\\\/#primaryimage\"},\"thumbnailUrl\":\"https:\\\/\\\/iphysio.es\\\/wp-content\\\/uploads\\\/2016\\\/11\\\/colico-2-DESENFOCADA-600x400.jpg\",\"datePublished\":\"2017-01-10T11:27:31+00:00\",\"dateModified\":\"2024-10-15T10:46:47+00:00\",\"description\":\"C\u00f3lico del lactante, tratamiento en Talavera de la Reina por el especialista Pedro Camacho, uno de los mayores expertos a nivel mundial.\",\"breadcrumb\":{\"@id\":\"https:\\\/\\\/iphysio.es\\\/index.php\\\/nuestros-servicios\\\/fisioterapia-talavera-de-la-reina\\\/colico-del-lactante\\\/#breadcrumb\"},\"inLanguage\":\"es\",\"potentialAction\":[{\"@type\":\"ReadAction\",\"target\":[\"https:\\\/\\\/iphysio.es\\\/index.php\\\/nuestros-servicios\\\/fisioterapia-talavera-de-la-reina\\\/colico-del-lactante\\\/\"]}]},{\"@type\":\"ImageObject\",\"inLanguage\":\"es\",\"@id\":\"https:\\\/\\\/iphysio.es\\\/index.php\\\/nuestros-servicios\\\/fisioterapia-talavera-de-la-reina\\\/colico-del-lactante\\\/#primaryimage\",\"url\":\"https:\\\/\\\/iphysio.es\\\/wp-content\\\/uploads\\\/2016\\\/11\\\/colico-2-DESENFOCADA.jpg\",\"contentUrl\":\"https:\\\/\\\/iphysio.es\\\/wp-content\\\/uploads\\\/2016\\\/11\\\/colico-2-DESENFOCADA.jpg\",\"width\":1200,\"height\":761,\"caption\":\"C\u00f3lico del lactante\"},{\"@type\":\"BreadcrumbList\",\"@id\":\"https:\\\/\\\/iphysio.es\\\/index.php\\\/nuestros-servicios\\\/fisioterapia-talavera-de-la-reina\\\/colico-del-lactante\\\/#breadcrumb\",\"itemListElement\":[{\"@type\":\"ListItem\",\"position\":1,\"name\":\"Portada\",\"item\":\"https:\\\/\\\/iphysio.es\\\/\"},{\"@type\":\"ListItem\",\"position\":2,\"name\":\"Nuestros servicios\",\"item\":\"https:\\\/\\\/iphysio.es\\\/index.php\\\/nuestros-servicios\\\/\"},{\"@type\":\"ListItem\",\"position\":3,\"name\":\"Fisioterapia\",\"item\":\"https:\\\/\\\/iphysio.es\\\/index.php\\\/nuestros-servicios\\\/fisioterapia-talavera-de-la-reina\\\/\"},{\"@type\":\"ListItem\",\"position\":4,\"name\":\"C\u00f3lico del lactante\"}]},{\"@type\":\"WebSite\",\"@id\":\"https:\\\/\\\/iphysio.es\\\/#website\",\"url\":\"https:\\\/\\\/iphysio.es\\\/\",\"name\":\"Cl\u00ednica iPhysio Therapy\",\"description\":\"Fisioterapia, Nutrici\u00f3n y Diet\u00e9tica, Pilates, Hipopresivos, Lumbalgias, Cervicalgias, Esguinces, Biomec\u00e1nica\",\"publisher\":{\"@id\":\"https:\\\/\\\/iphysio.es\\\/#organization\"},\"potentialAction\":[{\"@type\":\"SearchAction\",\"target\":{\"@type\":\"EntryPoint\",\"urlTemplate\":\"https:\\\/\\\/iphysio.es\\\/?s={search_term_string}\"},\"query-input\":{\"@type\":\"PropertyValueSpecification\",\"valueRequired\":true,\"valueName\":\"search_term_string\"}}],\"inLanguage\":\"es\"},{\"@type\":\"Organization\",\"@id\":\"https:\\\/\\\/iphysio.es\\\/#organization\",\"name\":\"Fisiotalavera S.L.\",\"url\":\"https:\\\/\\\/iphysio.es\\\/\",\"logo\":{\"@type\":\"ImageObject\",\"inLanguage\":\"es\",\"@id\":\"https:\\\/\\\/iphysio.es\\\/#\\\/schema\\\/logo\\\/image\\\/\",\"url\":\"https:\\\/\\\/iphysio.es\\\/wp-content\\\/uploads\\\/2016\\\/11\\\/cropped-solologo.png\",\"contentUrl\":\"https:\\\/\\\/iphysio.es\\\/wp-content\\\/uploads\\\/2016\\\/11\\\/cropped-solologo.png\",\"width\":402,\"height\":428,\"caption\":\"Fisiotalavera S.L.\"},\"image\":{\"@id\":\"https:\\\/\\\/iphysio.es\\\/#\\\/schema\\\/logo\\\/image\\\/\"},\"sameAs\":[\"https:\\\/\\\/www.facebook.com\\\/iPhysioTalavera\\\/\",\"https:\\\/\\\/x.com\\\/IphysioT\"]}]}<\/script>\n<!-- \/ Yoast SEO plugin. -->","yoast_head_json":{"title":"C\u00f3lico del Lactante en Talavera, Pedro Camacho| Cl\u00ednica iPhysio Therapy","description":"C\u00f3lico del lactante, tratamiento en Talavera de la Reina por el especialista Pedro Camacho, uno de los mayores expertos a nivel mundial.","robots":{"index":"index","follow":"follow","max-snippet":"max-snippet:-1","max-image-preview":"max-image-preview:large","max-video-preview":"max-video-preview:-1"},"canonical":"https:\/\/iphysio.es\/index.php\/nuestros-servicios\/fisioterapia-talavera-de-la-reina\/colico-del-lactante\/","og_locale":"es_ES","og_type":"article","og_title":"C\u00f3lico del Lactante en Talavera, Pedro Camacho| Cl\u00ednica iPhysio Therapy","og_description":"C\u00f3lico del lactante, tratamiento en Talavera de la Reina por el especialista Pedro Camacho, uno de los mayores expertos a nivel mundial.","og_url":"https:\/\/iphysio.es\/index.php\/nuestros-servicios\/fisioterapia-talavera-de-la-reina\/colico-del-lactante\/","og_site_name":"Cl\u00ednica iPhysio Therapy","article_publisher":"https:\/\/www.facebook.com\/iPhysioTalavera\/","article_modified_time":"2024-10-15T10:46:47+00:00","og_image":[{"url":"https:\/\/iphysio.es\/wp-content\/uploads\/2016\/11\/colico-2-DESENFOCADA-600x400.jpg","type":"","width":"","height":""}],"twitter_card":"summary_large_image","twitter_site":"@IphysioT","twitter_misc":{"Tiempo de lectura":"5 minutos"},"schema":{"@context":"https:\/\/schema.org","@graph":[{"@type":"WebPage","@id":"https:\/\/iphysio.es\/index.php\/nuestros-servicios\/fisioterapia-talavera-de-la-reina\/colico-del-lactante\/","url":"https:\/\/iphysio.es\/index.php\/nuestros-servicios\/fisioterapia-talavera-de-la-reina\/colico-del-lactante\/","name":"C\u00f3lico del Lactante en Talavera, Pedro Camacho| Cl\u00ednica iPhysio Therapy","isPartOf":{"@id":"https:\/\/iphysio.es\/#website"},"primaryImageOfPage":{"@id":"https:\/\/iphysio.es\/index.php\/nuestros-servicios\/fisioterapia-talavera-de-la-reina\/colico-del-lactante\/#primaryimage"},"image":{"@id":"https:\/\/iphysio.es\/index.php\/nuestros-servicios\/fisioterapia-talavera-de-la-reina\/colico-del-lactante\/#primaryimage"},"thumbnailUrl":"https:\/\/iphysio.es\/wp-content\/uploads\/2016\/11\/colico-2-DESENFOCADA-600x400.jpg","datePublished":"2017-01-10T11:27:31+00:00","dateModified":"2024-10-15T10:46:47+00:00","description":"C\u00f3lico del lactante, tratamiento en Talavera de la Reina por el especialista Pedro Camacho, uno de los mayores expertos a nivel mundial.","breadcrumb":{"@id":"https:\/\/iphysio.es\/index.php\/nuestros-servicios\/fisioterapia-talavera-de-la-reina\/colico-del-lactante\/#breadcrumb"},"inLanguage":"es","potentialAction":[{"@type":"ReadAction","target":["https:\/\/iphysio.es\/index.php\/nuestros-servicios\/fisioterapia-talavera-de-la-reina\/colico-del-lactante\/"]}]},{"@type":"ImageObject","inLanguage":"es","@id":"https:\/\/iphysio.es\/index.php\/nuestros-servicios\/fisioterapia-talavera-de-la-reina\/colico-del-lactante\/#primaryimage","url":"https:\/\/iphysio.es\/wp-content\/uploads\/2016\/11\/colico-2-DESENFOCADA.jpg","contentUrl":"https:\/\/iphysio.es\/wp-content\/uploads\/2016\/11\/colico-2-DESENFOCADA.jpg","width":1200,"height":761,"caption":"C\u00f3lico del lactante"},{"@type":"BreadcrumbList","@id":"https:\/\/iphysio.es\/index.php\/nuestros-servicios\/fisioterapia-talavera-de-la-reina\/colico-del-lactante\/#breadcrumb","itemListElement":[{"@type":"ListItem","position":1,"name":"Portada","item":"https:\/\/iphysio.es\/"},{"@type":"ListItem","position":2,"name":"Nuestros servicios","item":"https:\/\/iphysio.es\/index.php\/nuestros-servicios\/"},{"@type":"ListItem","position":3,"name":"Fisioterapia","item":"https:\/\/iphysio.es\/index.php\/nuestros-servicios\/fisioterapia-talavera-de-la-reina\/"},{"@type":"ListItem","position":4,"name":"C\u00f3lico del lactante"}]},{"@type":"WebSite","@id":"https:\/\/iphysio.es\/#website","url":"https:\/\/iphysio.es\/","name":"Cl\u00ednica iPhysio Therapy","description":"Fisioterapia, Nutrici\u00f3n y Diet\u00e9tica, Pilates, Hipopresivos, Lumbalgias, Cervicalgias, Esguinces, Biomec\u00e1nica","publisher":{"@id":"https:\/\/iphysio.es\/#organization"},"potentialAction":[{"@type":"SearchAction","target":{"@type":"EntryPoint","urlTemplate":"https:\/\/iphysio.es\/?s={search_term_string}"},"query-input":{"@type":"PropertyValueSpecification","valueRequired":true,"valueName":"search_term_string"}}],"inLanguage":"es"},{"@type":"Organization","@id":"https:\/\/iphysio.es\/#organization","name":"Fisiotalavera S.L.","url":"https:\/\/iphysio.es\/","logo":{"@type":"ImageObject","inLanguage":"es","@id":"https:\/\/iphysio.es\/#\/schema\/logo\/image\/","url":"https:\/\/iphysio.es\/wp-content\/uploads\/2016\/11\/cropped-solologo.png","contentUrl":"https:\/\/iphysio.es\/wp-content\/uploads\/2016\/11\/cropped-solologo.png","width":402,"height":428,"caption":"Fisiotalavera S.L."},"image":{"@id":"https:\/\/iphysio.es\/#\/schema\/logo\/image\/"},"sameAs":["https:\/\/www.facebook.com\/iPhysioTalavera\/","https:\/\/x.com\/IphysioT"]}]}},"_links":{"self":[{"href":"https:\/\/iphysio.es\/index.php\/wp-json\/wp\/v2\/pages\/175","targetHints":{"allow":["GET"]}}],"collection":[{"href":"https:\/\/iphysio.es\/index.php\/wp-json\/wp\/v2\/pages"}],"about":[{"href":"https:\/\/iphysio.es\/index.php\/wp-json\/wp\/v2\/types\/page"}],"author":[{"embeddable":true,"href":"https:\/\/iphysio.es\/index.php\/wp-json\/wp\/v2\/users\/1"}],"replies":[{"embeddable":true,"href":"https:\/\/iphysio.es\/index.php\/wp-json\/wp\/v2\/comments?post=175"}],"version-history":[{"count":0,"href":"https:\/\/iphysio.es\/index.php\/wp-json\/wp\/v2\/pages\/175\/revisions"}],"up":[{"embeddable":true,"href":"https:\/\/iphysio.es\/index.php\/wp-json\/wp\/v2\/pages\/52"}],"wp:attachment":[{"href":"https:\/\/iphysio.es\/index.php\/wp-json\/wp\/v2\/media?parent=175"}],"curies":[{"name":"wp","href":"https:\/\/api.w.org\/{rel}","templated":true}]}}