{"id":3456,"date":"2018-11-30T19:25:28","date_gmt":"2018-11-30T19:25:28","guid":{"rendered":"https:\/\/iphysio.es\/?page_id=3456"},"modified":"2022-04-22T11:15:51","modified_gmt":"2022-04-22T09:15:51","slug":"mutuas","status":"publish","type":"page","link":"https:\/\/iphysio.es\/index.php\/mutuas\/","title":{"rendered":"Mutuas"},"content":{"rendered":"<h1><strong>MUTUAS o COMPA\u00d1\u00cdAS ASEGURADORAS<\/strong><\/h1>\n<h4><strong>Cl\u00ednica iPhysio Therapy<\/strong>\u00a0es un centro privado que\u00a0<strong>no<\/strong> mantiene <strong>convenio directo<\/strong> con ninguna mutua o compa\u00f1\u00eda aseguradora,<br \/>\n<span style=\"color: #000000;\"><strong>pero<\/strong>\u00a0<\/span><strong><span style=\"color: #000000;\">s\u00ed tienes<\/span> <span style=\"color: #000000;\">opciones<\/span><\/strong><span style=\"color: #000000;\"> <strong>para venir<\/strong><\/span> <span style=\"color: #000000;\">a cuidarte con nosotros a trav\u00e9s de ellas<\/span><\/h4>\n<hr \/>\n<p style=\"text-align: left;\" align=\"justify\"><div class=\"su-row\"><div class=\"su-column su-column-size-2-5\"><div class=\"su-column-inner su-u-clearfix su-u-trim\">\n<h4><strong>\u00bfPor qu\u00e9 no tenemos convenio directo con mutuas o aseguradoras?<\/strong><\/h4>\n<p style=\"text-align: left;\" align=\"justify\"><span style=\"color: #000000;\"><strong>L<\/strong><strong style=\"color: #000000;\">as sesiones de <a href=\"https:\/\/iphysio.es\/index.php\/nuestros-servicios\/fisioterapia-talavera-de-la-reina\/\" target=\"_blank\" rel=\"noopener\">terapia<\/a> en nuestra cl\u00ednica<\/strong><\/span> siempre han sido y <span style=\"color: #000000;\"><strong>son estrictamente<\/strong> <strong>individuales<\/strong><\/span>, en sala privada, y su duraci\u00f3n es de unos <span style=\"color: #000000;\"><strong>60 minutos, <\/strong><\/span>donde la terapia manual juega un papel central.\u00a0Esta es una de las razones por las que Cl\u00ednica iPhysio no tiene convenio directo con ninguna mutua. <strong>Nuestros pacientes reciben una atenci\u00f3n personalizada y una dedicaci\u00f3n exclusiva<\/strong> durante el tiempo que dura su tratamiento.<\/p>\n<p style=\"text-align: left;\" align=\"justify\">Pero adem\u00e1s, la <strong><span style=\"color: #000000;\">efectividad<\/span> de los tratamientos<\/strong> que aplicamos, la<strong><span style=\"color: #000000;\"> inversi\u00f3n<\/span> en equipos<\/strong> de nueva generaci\u00f3n, y que <strong>nuestros profesionales est\u00e1n en constante <span style=\"color: #000000;\">formaci\u00f3n<\/span><\/strong>, marcan una diferencia. <span style=\"color: #000000;\"><strong>L<\/strong><strong>os tratamientos que recibir\u00e1s aqu\u00ed son \u00f3ptimos.<\/strong><\/span><\/p>\n<h4><strong>Venir a iPhysio a trav\u00e9s de una <span style=\"color: #000000;\">mutua o aseguradora<\/span><\/strong><\/h4>\n<p>Si tu contrato con ella incluye la modalidad de \u00abreembolso o libre elecci\u00f3n\u00bb, puedes solicitar cita con nosotros. Porque en esta modalidad, la <strong><span style=\"color: #000000;\">\u00ablibre elecci\u00f3n\u00bb<\/span>, puedes <span style=\"color: #000000;\">elegir un especialista<\/span><\/strong>\u00a0<strong>que no est\u00e9 en el cuadro m\u00e9dico de tu mutua<\/strong>.<\/p>\n<p>Y con el <span style=\"color: #000000;\"><strong>\u00abreembolso\u00bb<\/strong><\/span>, los tratamientos en Cl\u00ednica iPhysio Therapy te pueden salir mucho m\u00e1s econ\u00f3micos. El requisito es que tu mutua sea de libre elecci\u00f3n o reembolso, y puedas presentar la factura <strong><span style=\"color: #000000;\">para que te abonen el 80% o el 90% del total<\/span><\/strong>.<\/p>\n<h4><strong>C\u00f3mo saber si tu compa\u00f1\u00eda es de libre elecci\u00f3n o reembolso<\/strong><\/h4>\n<p><span style=\"color: #000000;\"><strong>Consulta con tu agente<\/strong><\/span>\u00a0y <strong>pregunta si puedes elegir un especialista fuera de su cuadro m\u00e9dico<\/strong>, <strong>y<\/strong> <strong>si despu\u00e9s puedes presentar la factura para que te reembolsen<\/strong> una parte, y qu\u00e9 porcentaje ser\u00eda.<\/div><\/div>\n<div class=\"su-column su-column-size-3-5\"><div class=\"su-column-inner su-u-clearfix su-u-trim\">\n<div id='gallery-1' class='gallery galleryid-3456 gallery-columns-2 gallery-size-portfolio'><dl class='gallery-item'>\n\t\t\t<dt class='gallery-icon portrait'>\n\t\t\t\t<img loading=\"lazy\" decoding=\"async\" width=\"555\" height=\"400\" src=\"https:\/\/iphysio.es\/wp-content\/uploads\/2018\/11\/mutuas-fisioterapia-01-555x400.jpg\" class=\"attachment-portfolio size-portfolio\" alt=\"Mutuas Fisioterapia Talavera\" \/>\n\t\t\t<\/dt><\/dl><dl class='gallery-item'>\n\t\t\t<dt class='gallery-icon landscape'>\n\t\t\t\t<img loading=\"lazy\" decoding=\"async\" width=\"600\" height=\"400\" src=\"https:\/\/iphysio.es\/wp-content\/uploads\/2018\/11\/mutuas-fisioterapia-02-600x400.jpg\" class=\"attachment-portfolio size-portfolio\" alt=\"Mutuas Fisioterapia Talavera\" srcset=\"https:\/\/iphysio.es\/wp-content\/uploads\/2018\/11\/mutuas-fisioterapia-02-600x400.jpg 600w, https:\/\/iphysio.es\/wp-content\/uploads\/2018\/11\/mutuas-fisioterapia-02-300x199.jpg 300w\" sizes=\"auto, (max-width: 600px) 100vw, 600px\" \/>\n\t\t\t<\/dt><\/dl><br style=\"clear: both\" \/><dl class='gallery-item'>\n\t\t\t<dt class='gallery-icon landscape'>\n\t\t\t\t<img loading=\"lazy\" decoding=\"async\" width=\"600\" height=\"400\" src=\"https:\/\/iphysio.es\/wp-content\/uploads\/2018\/11\/mutuas-fisioterapia-07-600x400.jpg\" class=\"attachment-portfolio size-portfolio\" alt=\"Mutuas Fisioterapia Talavera\" srcset=\"https:\/\/iphysio.es\/wp-content\/uploads\/2018\/11\/mutuas-fisioterapia-07-600x400.jpg 600w, https:\/\/iphysio.es\/wp-content\/uploads\/2018\/11\/mutuas-fisioterapia-07-300x200.jpg 300w, https:\/\/iphysio.es\/wp-content\/uploads\/2018\/11\/mutuas-fisioterapia-07-768x511.jpg 768w, https:\/\/iphysio.es\/wp-content\/uploads\/2018\/11\/mutuas-fisioterapia-07.jpg 900w\" sizes=\"auto, (max-width: 600px) 100vw, 600px\" \/>\n\t\t\t<\/dt><\/dl><dl class='gallery-item'>\n\t\t\t<dt class='gallery-icon landscape'>\n\t\t\t\t<img loading=\"lazy\" decoding=\"async\" width=\"600\" height=\"400\" src=\"https:\/\/iphysio.es\/wp-content\/uploads\/2018\/11\/mutuas-fisioterapia-04-600x400.jpg\" class=\"attachment-portfolio size-portfolio\" alt=\"Mutuas Fisioterapia Talavera\" srcset=\"https:\/\/iphysio.es\/wp-content\/uploads\/2018\/11\/mutuas-fisioterapia-04-600x400.jpg 600w, https:\/\/iphysio.es\/wp-content\/uploads\/2018\/11\/mutuas-fisioterapia-04-300x200.jpg 300w, https:\/\/iphysio.es\/wp-content\/uploads\/2018\/11\/mutuas-fisioterapia-04-768x512.jpg 768w, https:\/\/iphysio.es\/wp-content\/uploads\/2018\/11\/mutuas-fisioterapia-04.jpg 900w\" sizes=\"auto, (max-width: 600px) 100vw, 600px\" \/>\n\t\t\t<\/dt><\/dl><br style=\"clear: both\" \/><dl class='gallery-item'>\n\t\t\t<dt class='gallery-icon landscape'>\n\t\t\t\t<img loading=\"lazy\" decoding=\"async\" width=\"600\" height=\"400\" src=\"https:\/\/iphysio.es\/wp-content\/uploads\/2018\/11\/mutuas-fisioterapia-03-600x400.jpg\" class=\"attachment-portfolio size-portfolio\" alt=\"Mutuas Fisioterapia Talavera\" srcset=\"https:\/\/iphysio.es\/wp-content\/uploads\/2018\/11\/mutuas-fisioterapia-03-600x400.jpg 600w, https:\/\/iphysio.es\/wp-content\/uploads\/2018\/11\/mutuas-fisioterapia-03-300x200.jpg 300w, https:\/\/iphysio.es\/wp-content\/uploads\/2018\/11\/mutuas-fisioterapia-03-768x512.jpg 768w, https:\/\/iphysio.es\/wp-content\/uploads\/2018\/11\/mutuas-fisioterapia-03.jpg 900w\" sizes=\"auto, (max-width: 600px) 100vw, 600px\" \/>\n\t\t\t<\/dt><\/dl><dl class='gallery-item'>\n\t\t\t<dt class='gallery-icon landscape'>\n\t\t\t\t<img loading=\"lazy\" decoding=\"async\" width=\"600\" height=\"400\" src=\"https:\/\/iphysio.es\/wp-content\/uploads\/2018\/11\/mutuas-fisioterapia_05-600x400.jpg\" class=\"attachment-portfolio size-portfolio\" alt=\"Mutuas Fisioterapia Talavera\" srcset=\"https:\/\/iphysio.es\/wp-content\/uploads\/2018\/11\/mutuas-fisioterapia_05-600x400.jpg 600w, https:\/\/iphysio.es\/wp-content\/uploads\/2018\/11\/mutuas-fisioterapia_05-300x200.jpg 300w, https:\/\/iphysio.es\/wp-content\/uploads\/2018\/11\/mutuas-fisioterapia_05-768x512.jpg 768w, https:\/\/iphysio.es\/wp-content\/uploads\/2018\/11\/mutuas-fisioterapia_05.jpg 900w\" sizes=\"auto, (max-width: 600px) 100vw, 600px\" \/>\n\t\t\t<\/dt><\/dl><br style=\"clear: both\" \/>\n\t\t<\/div>\n\n<h3 align=\"justify\"><\/h3>\n<h3 align=\"justify\"><div class=\"su-quote su-quote-style-default su-quote-has-cite\"><div class=\"su-quote-inner su-u-clearfix su-u-trim\">La salud es lo que te hace sentir que ahora es la mejor \u00e9poca del a\u00f1o.<span class=\"su-quote-cite\">Franklin P. Adams (escritor)<\/span><\/div><\/div><\/h3>\n<\/div><\/div><\/div>\n<h4><strong>Colaboraci\u00f3n con <span style=\"color: #000000;\">Fisioterapia Talavera<\/span><\/strong><\/h4>\n<p><span style=\"color: #000000;\"><b>Cl\u00ednica iPhysio <\/b>tiene un acuerdo de colaboraci\u00f3n y asesoramiento con el equipo asistencial de<b>\u00a0Fisioterapia Talavera<\/b>, que trabaja en el \u00e1mbito de la recuperaci\u00f3n f\u00edsica privada y tambi\u00e9n con compa\u00f1\u00edas, mutuas y aseguradoras, como Santitas, Mapfre, DKV, HNA y otras. M\u00e1s informaci\u00f3n en <a href=\"https:\/\/www.fisioterapiatalavera.com\" target=\"_blank\" rel=\"noopener\">www.fisioterapiatalavera. com<\/a><\/span><\/p>\n<hr \/>\n<h2><img loading=\"lazy\" decoding=\"async\" class=\"alignright wp-image-3655\" style=\"font-size: 14px; font-weight: 400;\" src=\"https:\/\/iphysio.es\/wp-content\/uploads\/2018\/11\/registro-clinica.jpg\" alt=\"\" width=\"503\" height=\"200\" srcset=\"https:\/\/iphysio.es\/wp-content\/uploads\/2018\/11\/registro-clinica.jpg 1131w, https:\/\/iphysio.es\/wp-content\/uploads\/2018\/11\/registro-clinica-300x119.jpg 300w, https:\/\/iphysio.es\/wp-content\/uploads\/2018\/11\/registro-clinica-768x306.jpg 768w, https:\/\/iphysio.es\/wp-content\/uploads\/2018\/11\/registro-clinica-1024x407.jpg 1024w\" sizes=\"auto, (max-width: 503px) 100vw, 503px\" \/><\/h2>\n<h2><strong>IMPORTANTE<br \/>\nPARA TU SALUD<\/strong><\/h2>\n<p>Cuando vayas a un centro de fisioterapia, p\u00fablico o privado, <strong>exije<\/strong> que el tratamiento:<\/p>\n<ol>\n<li>Te lo aplique un <strong>Fisioterapeuta<\/strong> (que es\u00a0el profesional de la salud con titulaci\u00f3n universitaria acreditado para ello).<\/li>\n<li>Que est\u00e9<strong> colegiado<\/strong> en el colegio profesional de fisioterapeutas, y<\/li>\n<li><strong>Que el centro est\u00e9 autorizado<\/strong> por la <a href=\"https:\/\/www.castillalamancha.es\/gobierno\/sanidad\" target=\"_blank\" rel=\"noopener\">Consejer\u00eda de Sanidad<\/a> (con n\u00famero de expediente, certificado y placa a la vista).<\/li>\n<\/ol>\n<div class=\"su-note\"  style=\"border-color:#d8d8d8;border-radius:2px;-moz-border-radius:2px;-webkit-border-radius:2px;\"><div class=\"su-note-inner su-u-clearfix su-u-trim\" style=\"background-color:#f2f2f2;border-color:#ffffff;color:#3c3c3c;border-radius:2px;-moz-border-radius:2px;-webkit-border-radius:2px;\">\n<table id=\"tablepress-13\" class=\"tablepress tablepress-id-13\">\n<tbody class=\"row-hover\">\n<tr class=\"row-1\">\n\t<td class=\"column-1\"><b>Servicios Cl\u00ednica iPhysio<\/b><\/td><td class=\"column-2\"><a href=\"https:\/\/iphysio.es\/index.php\/nuestros-servicios\/fisioterapia-talavera-de-la-reina\/\"> \u00b7 Fisioterapia<\/a><\/td><td class=\"column-3\"><a href=\"https:\/\/iphysio.es\/index.php\/unidad-para-la-mujer-2\/\"> \u00b7 Unidad para la mujer<\/a><\/td><td class=\"column-4\"><a href=\"https:\/\/iphysio.es\/index.php\/nuestros-servicios\/fisioterapia-talavera-de-la-reina\/colico-del-lactante\/\"> \u00b7 Lactantes<\/a><\/td><td class=\"column-5\"><a href=\"https:\/\/iphysio.es\/index.php\/nuestros-servicios\/nutricion-y-dietetica-talavera\/\">\u00b7 Nutrici\u00f3n<\/a><\/td><td class=\"column-6\"><a href=\"https:\/\/iphysio.es\/index.php\/nuestros-servicios\/actividades-en-sala-cuidar-tu-cuerpo\/\">\u00b7 Pilates<\/a><\/td><td class=\"column-7\"><a href=\"https:\/\/iphysio.es\/index.php\/entrenamiento-deportivo\/\">\u00b7 Entrenamiento<\/a><\/td>\n<\/tr>\n<\/tbody>\n<\/table>\n<!-- #tablepress-13 from cache --><\/div><\/div>\n ","protected":false},"excerpt":{"rendered":"<p>MUTUAS o COMPA\u00d1\u00cdAS ASEGURADORAS Cl\u00ednica iPhysio Therapy\u00a0es un centro privado que\u00a0no mantiene convenio directo con ninguna mutua o compa\u00f1\u00eda aseguradora, pero\u00a0s\u00ed tienes opciones para venir a cuidarte con nosotros a trav\u00e9s de ellas Colaboraci\u00f3n con Fisioterapia Talavera Cl\u00ednica iPhysio tiene un acuerdo de colaboraci\u00f3n y asesoramiento con el equipo asistencial de\u00a0Fisioterapia Talavera, que trabaja en el \u00e1mbito de la recuperaci\u00f3n f\u00edsica privada y tambi\u00e9n con compa\u00f1\u00edas, mutuas y aseguradoras, como Santitas, Mapfre, DKV, HNA y otras. M\u00e1s informaci\u00f3n en www.fisioterapiatalavera.&hellip;<\/p>\n","protected":false},"author":1,"featured_media":3565,"parent":0,"menu_order":0,"comment_status":"closed","ping_status":"closed","template":"","meta":{"footnotes":"","_links_to":"","_links_to_target":""},"class_list":["post-3456","page","type-page","status-publish","has-post-thumbnail","hentry","post-has-thumbnail"],"yoast_head":"<!-- This site is optimized with the Yoast SEO plugin v27.5 - https:\/\/yoast.com\/product\/yoast-seo-wordpress\/ -->\n<title>Mutuas y compa\u00f1\u00edas aseguradoras Talavera | Cl\u00ednica iPhysio Therapy<\/title>\n<meta name=\"description\" content=\"Mutuas. Centro privado sin convenio directo, colaboramos con compa\u00f1\u00edas en Talavera a trav\u00e9s de Fisioterapia Talavera (925 810 722) y Paloma Fern\u00e1ndez-Vegue.\" \/>\n<meta name=\"robots\" content=\"index, follow, max-snippet:-1, max-image-preview:large, max-video-preview:-1\" \/>\n<link rel=\"canonical\" href=\"https:\/\/iphysio.es\/index.php\/mutuas\/\" \/>\n<meta property=\"og:locale\" content=\"es_ES\" \/>\n<meta property=\"og:type\" content=\"article\" \/>\n<meta property=\"og:title\" content=\"Mutuas y compa\u00f1\u00edas aseguradoras Talavera | Cl\u00ednica iPhysio Therapy\" \/>\n<meta property=\"og:description\" content=\"Mutuas. Centro privado sin convenio directo, colaboramos con compa\u00f1\u00edas en Talavera a trav\u00e9s de Fisioterapia Talavera (925 810 722) y Paloma Fern\u00e1ndez-Vegue.\" \/>\n<meta property=\"og:url\" content=\"https:\/\/iphysio.es\/index.php\/mutuas\/\" \/>\n<meta property=\"og:site_name\" content=\"Cl\u00ednica iPhysio Therapy\" \/>\n<meta property=\"article:publisher\" content=\"https:\/\/www.facebook.com\/iPhysioTalavera\/\" \/>\n<meta property=\"article:modified_time\" content=\"2022-04-22T09:15:51+00:00\" \/>\n<meta property=\"og:image\" content=\"https:\/\/iphysio.es\/wp-content\/uploads\/2018\/11\/mutuas-fisioterapia_05.jpg\" \/>\n\t<meta property=\"og:image:width\" content=\"900\" \/>\n\t<meta property=\"og:image:height\" content=\"600\" \/>\n\t<meta property=\"og:image:type\" content=\"image\/jpeg\" \/>\n<meta name=\"twitter:card\" content=\"summary_large_image\" \/>\n<meta name=\"twitter:site\" content=\"@IphysioT\" \/>\n<meta name=\"twitter:label1\" content=\"Tiempo de lectura\" \/>\n\t<meta name=\"twitter:data1\" content=\"3 minutos\" \/>\n<script type=\"application\/ld+json\" class=\"yoast-schema-graph\">{\"@context\":\"https:\\\/\\\/schema.org\",\"@graph\":[{\"@type\":\"WebPage\",\"@id\":\"https:\\\/\\\/iphysio.es\\\/index.php\\\/mutuas\\\/\",\"url\":\"https:\\\/\\\/iphysio.es\\\/index.php\\\/mutuas\\\/\",\"name\":\"Mutuas y compa\u00f1\u00edas aseguradoras Talavera | Cl\u00ednica iPhysio Therapy\",\"isPartOf\":{\"@id\":\"https:\\\/\\\/iphysio.es\\\/#website\"},\"primaryImageOfPage\":{\"@id\":\"https:\\\/\\\/iphysio.es\\\/index.php\\\/mutuas\\\/#primaryimage\"},\"image\":{\"@id\":\"https:\\\/\\\/iphysio.es\\\/index.php\\\/mutuas\\\/#primaryimage\"},\"thumbnailUrl\":\"https:\\\/\\\/iphysio.es\\\/wp-content\\\/uploads\\\/2018\\\/11\\\/mutuas-fisioterapia_05.jpg\",\"datePublished\":\"2018-11-30T19:25:28+00:00\",\"dateModified\":\"2022-04-22T09:15:51+00:00\",\"description\":\"Mutuas. Centro privado sin convenio directo, colaboramos con compa\u00f1\u00edas en Talavera a trav\u00e9s de Fisioterapia Talavera (925 810 722) y Paloma Fern\u00e1ndez-Vegue.\",\"breadcrumb\":{\"@id\":\"https:\\\/\\\/iphysio.es\\\/index.php\\\/mutuas\\\/#breadcrumb\"},\"inLanguage\":\"es\",\"potentialAction\":[{\"@type\":\"ReadAction\",\"target\":[\"https:\\\/\\\/iphysio.es\\\/index.php\\\/mutuas\\\/\"]}]},{\"@type\":\"ImageObject\",\"inLanguage\":\"es\",\"@id\":\"https:\\\/\\\/iphysio.es\\\/index.php\\\/mutuas\\\/#primaryimage\",\"url\":\"https:\\\/\\\/iphysio.es\\\/wp-content\\\/uploads\\\/2018\\\/11\\\/mutuas-fisioterapia_05.jpg\",\"contentUrl\":\"https:\\\/\\\/iphysio.es\\\/wp-content\\\/uploads\\\/2018\\\/11\\\/mutuas-fisioterapia_05.jpg\",\"width\":900,\"height\":600,\"caption\":\"Mutuas Fisioterapia Talavera\"},{\"@type\":\"BreadcrumbList\",\"@id\":\"https:\\\/\\\/iphysio.es\\\/index.php\\\/mutuas\\\/#breadcrumb\",\"itemListElement\":[{\"@type\":\"ListItem\",\"position\":1,\"name\":\"Portada\",\"item\":\"https:\\\/\\\/iphysio.es\\\/\"},{\"@type\":\"ListItem\",\"position\":2,\"name\":\"Mutuas\"}]},{\"@type\":\"WebSite\",\"@id\":\"https:\\\/\\\/iphysio.es\\\/#website\",\"url\":\"https:\\\/\\\/iphysio.es\\\/\",\"name\":\"Cl\u00ednica iPhysio Therapy\",\"description\":\"Fisioterapia, Nutrici\u00f3n y Diet\u00e9tica, Pilates, Hipopresivos, Lumbalgias, Cervicalgias, Esguinces, Biomec\u00e1nica\",\"publisher\":{\"@id\":\"https:\\\/\\\/iphysio.es\\\/#organization\"},\"potentialAction\":[{\"@type\":\"SearchAction\",\"target\":{\"@type\":\"EntryPoint\",\"urlTemplate\":\"https:\\\/\\\/iphysio.es\\\/?s={search_term_string}\"},\"query-input\":{\"@type\":\"PropertyValueSpecification\",\"valueRequired\":true,\"valueName\":\"search_term_string\"}}],\"inLanguage\":\"es\"},{\"@type\":\"Organization\",\"@id\":\"https:\\\/\\\/iphysio.es\\\/#organization\",\"name\":\"Fisiotalavera S.L.\",\"url\":\"https:\\\/\\\/iphysio.es\\\/\",\"logo\":{\"@type\":\"ImageObject\",\"inLanguage\":\"es\",\"@id\":\"https:\\\/\\\/iphysio.es\\\/#\\\/schema\\\/logo\\\/image\\\/\",\"url\":\"https:\\\/\\\/iphysio.es\\\/wp-content\\\/uploads\\\/2016\\\/11\\\/cropped-solologo.png\",\"contentUrl\":\"https:\\\/\\\/iphysio.es\\\/wp-content\\\/uploads\\\/2016\\\/11\\\/cropped-solologo.png\",\"width\":402,\"height\":428,\"caption\":\"Fisiotalavera S.L.\"},\"image\":{\"@id\":\"https:\\\/\\\/iphysio.es\\\/#\\\/schema\\\/logo\\\/image\\\/\"},\"sameAs\":[\"https:\\\/\\\/www.facebook.com\\\/iPhysioTalavera\\\/\",\"https:\\\/\\\/x.com\\\/IphysioT\"]}]}<\/script>\n<!-- \/ Yoast SEO plugin. -->","yoast_head_json":{"title":"Mutuas y compa\u00f1\u00edas aseguradoras Talavera | Cl\u00ednica iPhysio Therapy","description":"Mutuas. Centro privado sin convenio directo, colaboramos con compa\u00f1\u00edas en Talavera a trav\u00e9s de Fisioterapia Talavera (925 810 722) y Paloma Fern\u00e1ndez-Vegue.","robots":{"index":"index","follow":"follow","max-snippet":"max-snippet:-1","max-image-preview":"max-image-preview:large","max-video-preview":"max-video-preview:-1"},"canonical":"https:\/\/iphysio.es\/index.php\/mutuas\/","og_locale":"es_ES","og_type":"article","og_title":"Mutuas y compa\u00f1\u00edas aseguradoras Talavera | Cl\u00ednica iPhysio Therapy","og_description":"Mutuas. Centro privado sin convenio directo, colaboramos con compa\u00f1\u00edas en Talavera a trav\u00e9s de Fisioterapia Talavera (925 810 722) y Paloma Fern\u00e1ndez-Vegue.","og_url":"https:\/\/iphysio.es\/index.php\/mutuas\/","og_site_name":"Cl\u00ednica iPhysio Therapy","article_publisher":"https:\/\/www.facebook.com\/iPhysioTalavera\/","article_modified_time":"2022-04-22T09:15:51+00:00","og_image":[{"width":900,"height":600,"url":"https:\/\/iphysio.es\/wp-content\/uploads\/2018\/11\/mutuas-fisioterapia_05.jpg","type":"image\/jpeg"}],"twitter_card":"summary_large_image","twitter_site":"@IphysioT","twitter_misc":{"Tiempo de lectura":"3 minutos"},"schema":{"@context":"https:\/\/schema.org","@graph":[{"@type":"WebPage","@id":"https:\/\/iphysio.es\/index.php\/mutuas\/","url":"https:\/\/iphysio.es\/index.php\/mutuas\/","name":"Mutuas y compa\u00f1\u00edas aseguradoras Talavera | Cl\u00ednica iPhysio Therapy","isPartOf":{"@id":"https:\/\/iphysio.es\/#website"},"primaryImageOfPage":{"@id":"https:\/\/iphysio.es\/index.php\/mutuas\/#primaryimage"},"image":{"@id":"https:\/\/iphysio.es\/index.php\/mutuas\/#primaryimage"},"thumbnailUrl":"https:\/\/iphysio.es\/wp-content\/uploads\/2018\/11\/mutuas-fisioterapia_05.jpg","datePublished":"2018-11-30T19:25:28+00:00","dateModified":"2022-04-22T09:15:51+00:00","description":"Mutuas. Centro privado sin convenio directo, colaboramos con compa\u00f1\u00edas en Talavera a trav\u00e9s de Fisioterapia Talavera (925 810 722) y Paloma Fern\u00e1ndez-Vegue.","breadcrumb":{"@id":"https:\/\/iphysio.es\/index.php\/mutuas\/#breadcrumb"},"inLanguage":"es","potentialAction":[{"@type":"ReadAction","target":["https:\/\/iphysio.es\/index.php\/mutuas\/"]}]},{"@type":"ImageObject","inLanguage":"es","@id":"https:\/\/iphysio.es\/index.php\/mutuas\/#primaryimage","url":"https:\/\/iphysio.es\/wp-content\/uploads\/2018\/11\/mutuas-fisioterapia_05.jpg","contentUrl":"https:\/\/iphysio.es\/wp-content\/uploads\/2018\/11\/mutuas-fisioterapia_05.jpg","width":900,"height":600,"caption":"Mutuas Fisioterapia Talavera"},{"@type":"BreadcrumbList","@id":"https:\/\/iphysio.es\/index.php\/mutuas\/#breadcrumb","itemListElement":[{"@type":"ListItem","position":1,"name":"Portada","item":"https:\/\/iphysio.es\/"},{"@type":"ListItem","position":2,"name":"Mutuas"}]},{"@type":"WebSite","@id":"https:\/\/iphysio.es\/#website","url":"https:\/\/iphysio.es\/","name":"Cl\u00ednica iPhysio Therapy","description":"Fisioterapia, Nutrici\u00f3n y Diet\u00e9tica, Pilates, Hipopresivos, Lumbalgias, Cervicalgias, Esguinces, Biomec\u00e1nica","publisher":{"@id":"https:\/\/iphysio.es\/#organization"},"potentialAction":[{"@type":"SearchAction","target":{"@type":"EntryPoint","urlTemplate":"https:\/\/iphysio.es\/?s={search_term_string}"},"query-input":{"@type":"PropertyValueSpecification","valueRequired":true,"valueName":"search_term_string"}}],"inLanguage":"es"},{"@type":"Organization","@id":"https:\/\/iphysio.es\/#organization","name":"Fisiotalavera S.L.","url":"https:\/\/iphysio.es\/","logo":{"@type":"ImageObject","inLanguage":"es","@id":"https:\/\/iphysio.es\/#\/schema\/logo\/image\/","url":"https:\/\/iphysio.es\/wp-content\/uploads\/2016\/11\/cropped-solologo.png","contentUrl":"https:\/\/iphysio.es\/wp-content\/uploads\/2016\/11\/cropped-solologo.png","width":402,"height":428,"caption":"Fisiotalavera S.L."},"image":{"@id":"https:\/\/iphysio.es\/#\/schema\/logo\/image\/"},"sameAs":["https:\/\/www.facebook.com\/iPhysioTalavera\/","https:\/\/x.com\/IphysioT"]}]}},"_links":{"self":[{"href":"https:\/\/iphysio.es\/index.php\/wp-json\/wp\/v2\/pages\/3456","targetHints":{"allow":["GET"]}}],"collection":[{"href":"https:\/\/iphysio.es\/index.php\/wp-json\/wp\/v2\/pages"}],"about":[{"href":"https:\/\/iphysio.es\/index.php\/wp-json\/wp\/v2\/types\/page"}],"author":[{"embeddable":true,"href":"https:\/\/iphysio.es\/index.php\/wp-json\/wp\/v2\/users\/1"}],"replies":[{"embeddable":true,"href":"https:\/\/iphysio.es\/index.php\/wp-json\/wp\/v2\/comments?post=3456"}],"version-history":[{"count":0,"href":"https:\/\/iphysio.es\/index.php\/wp-json\/wp\/v2\/pages\/3456\/revisions"}],"wp:featuredmedia":[{"embeddable":true,"href":"https:\/\/iphysio.es\/index.php\/wp-json\/wp\/v2\/media\/3565"}],"wp:attachment":[{"href":"https:\/\/iphysio.es\/index.php\/wp-json\/wp\/v2\/media?parent=3456"}],"curies":[{"name":"wp","href":"https:\/\/api.w.org\/{rel}","templated":true}]}}