{"id":3539,"date":"2018-12-18T09:38:10","date_gmt":"2018-12-18T09:38:10","guid":{"rendered":"https:\/\/iphysio.es\/?page_id=3539"},"modified":"2019-04-12T18:24:48","modified_gmt":"2019-04-12T16:24:48","slug":"presoterapia-talavera","status":"publish","type":"page","link":"https:\/\/iphysio.es\/index.php\/presoterapia-talavera\/","title":{"rendered":"Presoterapia"},"content":{"rendered":"<h1><strong>PRESOTERAPIA en Talavera<\/strong><\/h1>\n<h4>Drenaje linf\u00e1tico para oxigenar, revitalizar, regenerar y sanear<\/h4>\n<hr \/>\n<p style=\"text-align: left;\" align=\"justify\"><div class=\"su-row\"><div class=\"su-column su-column-size-3-5\"><div class=\"su-column-inner su-u-clearfix su-u-trim\">\n<p style=\"text-align: left;\" align=\"justify\"><div class=\"su-youtube su-u-responsive-media-yes\"><iframe loading=\"lazy\" width=\"600\" height=\"400\" src=\"https:\/\/www.youtube.com\/embed\/3LfrzPFq9JI?mute=1\" frameborder=\"0\" allowfullscreen allow=\"autoplay; encrypted-media; picture-in-picture\" title=\"\"><\/iframe><\/div>\n<p style=\"text-align: left;\" align=\"justify\"><\/div><\/div>\n<p align=\"justify\"><div class=\"su-column su-column-size-2-5\"><div class=\"su-column-inner su-u-clearfix su-u-trim\">\n<h4 align=\"justify\"><strong>Qu\u00e9 es la presoterapia y c\u00f3mo funciona<\/strong><\/h4>\n<p style=\"text-align: left;\" align=\"justify\">Es una <strong>t\u00e9cnica m\u00e9dica<\/strong> y est\u00e9tica\u00a0 que realiza un <span style=\"color: #000000;\"><strong>drenaje linf\u00e1tico<\/strong><\/span> utilizando para ello la presi\u00f3n del aire.<\/p>\n<p style=\"text-align: left;\" align=\"justify\">Ayuda al cuerpo promoviendo sus funciones naturales de eliminaci\u00f3n de toxinas, y adem\u00e1s revitaliza y oxigena los tejidos facilitando su regeneraci\u00f3n.<\/p>\n<p style=\"text-align: left;\" align=\"justify\">La <a href=\"https:\/\/www.youtube.com\/watch?v=3LfrzPFq9JI\" target=\"_blank\" rel=\"noopener lightbox-video-0\">presoterapia<\/a> consiste en <strong>aplicar presiones controladas de aire sobre diferentes zonas<\/strong>, de forma que se alternen la compresi\u00f3n y la relajaci\u00f3n.<\/p>\n<p style=\"text-align: left;\" align=\"justify\">Adem\u00e1s, esta t\u00e9cnica promueve la recuperaci\u00f3n de la elasticidad cut\u00e1nea y aumenta el aporte de ox\u00edgeno a los tejidos, facilitando la regeneraci\u00f3n tisular.<\/p>\n<p align=\"justify\"><\/div><\/div>\n<p style=\"text-align: left;\" align=\"justify\"><\/div>\n<h4><img loading=\"lazy\" decoding=\"async\" class=\"alignright wp-image-3797\" src=\"https:\/\/iphysio.es\/wp-content\/uploads\/2018\/12\/botas-normatec.jpg\" alt=\"\" width=\"384\" height=\"273\" srcset=\"https:\/\/iphysio.es\/wp-content\/uploads\/2018\/12\/botas-normatec.jpg 619w, https:\/\/iphysio.es\/wp-content\/uploads\/2018\/12\/botas-normatec-300x213.jpg 300w\" sizes=\"auto, (max-width: 384px) 100vw, 384px\" \/><\/h4>\n<h4><img loading=\"lazy\" decoding=\"async\" class=\" wp-image-3794 alignright\" src=\"https:\/\/iphysio.es\/wp-content\/uploads\/2018\/12\/presoterapia_botas.jpg\" alt=\"\" width=\"225\" height=\"168\" srcset=\"https:\/\/iphysio.es\/wp-content\/uploads\/2018\/12\/presoterapia_botas.jpg 562w, https:\/\/iphysio.es\/wp-content\/uploads\/2018\/12\/presoterapia_botas-300x225.jpg 300w\" sizes=\"auto, (max-width: 225px) 100vw, 225px\" \/><\/h4>\n<p>Para el tratamiento se utiliza un<strong> traje\u00a0neum\u00e1tico especial<\/strong>, en este caso \u00abbotas\u00bb\u00a0<strong>divididas en c\u00e1maras<\/strong> separadas. Por estos compartimentos\u00a0<strong>transita el aire, creando una presi\u00f3n ascendente\u00a0<\/strong>(controlada y personalizada a las necesidades de cada persona) alrededor de la extremidad, desde las plantas de los pies\u00a0<strong>hacia los n\u00f3dulos linf\u00e1tico<\/strong>s localizados en las ingles, aportando as\u00ed impulso a la corriente sangu\u00ednea en su retorno al coraz\u00f3n.<\/p>\n<h4 align=\"justify\"><strong>Indicaciones<\/strong><\/h4>\n<p style=\"text-align: left;\" align=\"justify\">Como hemos indicado antes, la presoterapia est\u00e1 <strong>indicada<\/strong>\u00a0para problemas de tipo m\u00e9dico o est\u00e9tico. Hablamos de\u00a0 <strong>alteraciones en la circulaci\u00f3n, piernas cansadas, celulitis, ara\u00f1as vasculares, edemas, varices, acumulaci\u00f3n de grasas, eliminaci\u00f3n de l\u00edquidos y toxinas<\/strong>, \u2026 y para la recuperaci\u00f3n muscular despu\u00e9s de un ejercicio f\u00edsico intenso.\u00a0<span style=\"color: #000000;\">Es una t\u00e9cnica sencilla, no dolorosa y muy eficaz. Resultados inmediatos y sensaci\u00f3n de alivio.\u00a0<\/span>Para la sesi\u00f3n, que dura <strong>entre 30 y 45 minutos<\/strong>, se est\u00e1 <strong>tumbado o recostado<\/strong>. Hay que <strong>descalzarse<\/strong> y ponerse un <strong>pantal\u00f3n especial<\/strong> que te entregamos aqu\u00ed.<\/p>\n<ul>\n<li><em>Contraindicaciones: el uso de la presoterapia no est\u00e1 indicado si se padecen ciertos problemas de salud, como la insuficiencia renal o card\u00edaca, infecciones agudas o trombosis profunda. Si tienes dudas, consulta antes con tu m\u00e9dico o fisioterapeuta.<\/em><\/li>\n<\/ul>\n<h4><strong>Recuperaci\u00f3n deportiva<\/strong><\/h4>\n<div class=\"su-row\"><div class=\"su-column su-column-size-1-3\"><div class=\"su-column-inner su-u-clearfix su-u-trim\">\n<img loading=\"lazy\" decoding=\"async\" class=\"wp-image-1021\" src=\"https:\/\/iphysio.es\/wp-content\/uploads\/2018\/05\/IMG_8824.jpg\" alt=\"presoterapia\" width=\"378\" height=\"235\" srcset=\"https:\/\/iphysio.es\/wp-content\/uploads\/2018\/05\/IMG_8824.jpg 960w, https:\/\/iphysio.es\/wp-content\/uploads\/2018\/05\/IMG_8824-300x186.jpg 300w, https:\/\/iphysio.es\/wp-content\/uploads\/2018\/05\/IMG_8824-768x476.jpg 768w\" sizes=\"auto, (max-width: 378px) 100vw, 378px\" \/> Normatec Ivan \u00c9lez, triatleta\u00a0<span style=\"color: #333333;\"><\/div><\/div><\/span><div class=\"su-column su-column-size-1-3\"><div class=\"su-column-inner su-u-clearfix su-u-trim\">\n<div style=\"width: 640px;\" class=\"wp-video\"><video class=\"wp-video-shortcode\" id=\"video-3539-1\" width=\"640\" height=\"360\" preload=\"metadata\" controls=\"controls\"><source type=\"video\/mp4\" src=\"https:\/\/iphysio.es\/wp-content\/uploads\/2018\/12\/RECOVERY.mp4?_=1\" \/><a href=\"https:\/\/iphysio.es\/wp-content\/uploads\/2018\/12\/RECOVERY.mp4\">https:\/\/iphysio.es\/wp-content\/uploads\/2018\/12\/RECOVERY.mp4<\/a><\/video><\/div>\n<\/div><\/div>\n<div class=\"su-column su-column-size-1-3\"><div class=\"su-column-inner su-u-clearfix su-u-trim\"><div class=\"su-quote su-quote-style-default\"><div class=\"su-quote-inner su-u-clearfix su-u-trim\">En Cl\u00ednica iPhysio Therapy tenemos muy buenas experiencias en el tratamiento agudo de roturas musculares junto con el resto de tratamientos que te ofrecemos. <span style=\"color: #000000;\"><strong>Optimizamos<\/strong> <\/span>la <span style=\"color: #000000;\"><strong>recuperaci\u00f3n deportiva<\/strong><\/span> para el <em>return to play<\/em>.<\/div><\/div><\/div><\/div><\/div>\n<div class=\"su-note\"  style=\"border-color:#d8d8d8;border-radius:2px;-moz-border-radius:2px;-webkit-border-radius:2px;\"><div class=\"su-note-inner su-u-clearfix su-u-trim\" style=\"background-color:#f2f2f2;border-color:#ffffff;color:#3c3c3c;border-radius:2px;-moz-border-radius:2px;-webkit-border-radius:2px;\">\n<h3><img loading=\"lazy\" decoding=\"async\" class=\"wp-image-4353 alignright\" src=\"https:\/\/iphysio.es\/wp-content\/uploads\/2019\/04\/Dz3J9SUXcAA1v9v.jpg\" alt=\"Presoterapia en talavera con gafas de realidad virtual\" width=\"207\" height=\"231\" srcset=\"https:\/\/iphysio.es\/wp-content\/uploads\/2019\/04\/Dz3J9SUXcAA1v9v.jpg 638w, https:\/\/iphysio.es\/wp-content\/uploads\/2019\/04\/Dz3J9SUXcAA1v9v-269x300.jpg 269w\" sizes=\"auto, (max-width: 207px) 100vw, 207px\" \/><strong>Presoterapia<\/strong> en Talavera y, si quieres,\u00a0<strong>con gafas de realidad virtual<\/strong><\/h3>\n<h3><span style=\"color: #2b86e0;\"><img loading=\"lazy\" decoding=\"async\" class=\"wp-image-4357 alignleft\" style=\"color: #333333; font-size: 14px; font-weight: 400;\" src=\"https:\/\/iphysio.es\/wp-content\/uploads\/2019\/04\/gafas-realidad-virtual.gif\" alt=\"\" width=\"289\" height=\"156\" \/><\/span><\/h3>\n<p>Cl\u00ednica iPhysio Therapy te ofrece una experiencia diferente y \u00fanica en Talavera para tu <strong>tratamiento de presoterapia<\/strong>. Porque ahora, <strong>si quieres<\/strong>, podr\u00e1s disfrutar tu sesi\u00f3n de 45 minutos de drenaje linf\u00e1tico,\u00a0<strong>con unas gafas de realidad virtual<\/strong>.<\/p>\n<p>M\u00e1s de 1000 juegos de realidad virtual, aplicaciones sociales, experiencias en 360\u00ba en\u00a0un visor 16:9 dise\u00f1ado con materiales transpirables, cintas ajustables. Panel LCD y sonido est\u00e9reo 3D envolvente.<\/div><\/div>\n<p>&nbsp;<\/p>\n<h2 style=\"text-align: left;\">IMPORTANTE PARA TU SALUD<\/h2>\n<p>Cuando vayas a un <a href=\"https:\/\/iphysio.es\/index.php\/nuestros-servicios\/fisioterapia-talavera-de-la-reina\/\" target=\"_blank\" rel=\"noopener\">centro de fisioterapia<\/a>, p\u00fablico o privado, exije que:<\/p>\n<ul>\n<li>Te trate un Fisioterapeuta, que es\u00a0el profesional de la salud con titulaci\u00f3n universitaria acreditado para ello.<\/li>\n<li>Est\u00e9 colegiado en el colegio profesional de fisioterapeutas.<\/li>\n<li>El centro est\u00e9 autorizado por la Consejer\u00eda de Sanidad, teniendo a la vista el n\u00famero de expediente (certificado y placa).<\/li>\n<\/ul>\n<p>&nbsp;<\/p>\n ","protected":false},"excerpt":{"rendered":"<p>PRESOTERAPIA en Talavera Drenaje linf\u00e1tico para oxigenar, revitalizar, regenerar y sanear Para el tratamiento se utiliza un traje\u00a0neum\u00e1tico especial, en este caso \u00abbotas\u00bb\u00a0divididas en c\u00e1maras separadas. Por estos compartimentos\u00a0transita el aire, creando una presi\u00f3n ascendente\u00a0(controlada y personalizada a las necesidades de cada persona) alrededor de la extremidad, desde las plantas de los pies\u00a0hacia los n\u00f3dulos linf\u00e1ticos localizados en las ingles, aportando as\u00ed impulso a la corriente sangu\u00ednea en su retorno al coraz\u00f3n. Indicaciones Como hemos indicado antes, la presoterapia est\u00e1&hellip;<\/p>\n","protected":false},"author":1,"featured_media":0,"parent":0,"menu_order":0,"comment_status":"closed","ping_status":"closed","template":"","meta":{"footnotes":"","_links_to":"","_links_to_target":""},"class_list":["post-3539","page","type-page","status-publish","hentry"],"yoast_head":"<!-- This site is optimized with the Yoast SEO plugin v27.5 - https:\/\/yoast.com\/product\/yoast-seo-wordpress\/ -->\n<title>Presoterapia en Talavera. Drenaje linf\u00e1tico | Cl\u00ednica de Fisioterapia.<\/title>\n<meta name=\"description\" content=\"Presoterapia en Talavera. Drenaje linf\u00e1tico piernas. Sencilla, eficaz, resultados inmediatos, sensaci\u00f3n de alivio. Mala circulaci\u00f3n, celulitis, varices, ...\" \/>\n<meta name=\"robots\" content=\"index, follow, max-snippet:-1, max-image-preview:large, max-video-preview:-1\" \/>\n<link rel=\"canonical\" href=\"https:\/\/iphysio.es\/index.php\/presoterapia-talavera\/\" \/>\n<meta property=\"og:locale\" content=\"es_ES\" \/>\n<meta property=\"og:type\" content=\"article\" \/>\n<meta property=\"og:title\" content=\"Presoterapia en Talavera. Drenaje linf\u00e1tico | Cl\u00ednica de Fisioterapia.\" \/>\n<meta property=\"og:description\" content=\"Presoterapia en Talavera. Drenaje linf\u00e1tico piernas. Sencilla, eficaz, resultados inmediatos, sensaci\u00f3n de alivio. Mala circulaci\u00f3n, celulitis, varices, ...\" \/>\n<meta property=\"og:url\" content=\"https:\/\/iphysio.es\/index.php\/presoterapia-talavera\/\" \/>\n<meta property=\"og:site_name\" content=\"Cl\u00ednica iPhysio Therapy\" \/>\n<meta property=\"article:publisher\" content=\"https:\/\/www.facebook.com\/iPhysioTalavera\/\" \/>\n<meta property=\"article:modified_time\" content=\"2019-04-12T16:24:48+00:00\" \/>\n<meta property=\"og:image\" content=\"https:\/\/iphysio.es\/wp-content\/uploads\/2018\/12\/botas-normatec.jpg\" \/>\n<meta name=\"twitter:card\" content=\"summary_large_image\" \/>\n<meta name=\"twitter:site\" content=\"@IphysioT\" \/>\n<meta name=\"twitter:label1\" content=\"Tiempo de lectura\" \/>\n\t<meta name=\"twitter:data1\" content=\"3 minutos\" \/>\n<script type=\"application\/ld+json\" class=\"yoast-schema-graph\">{\"@context\":\"https:\\\/\\\/schema.org\",\"@graph\":[{\"@type\":\"WebPage\",\"@id\":\"https:\\\/\\\/iphysio.es\\\/index.php\\\/presoterapia-talavera\\\/\",\"url\":\"https:\\\/\\\/iphysio.es\\\/index.php\\\/presoterapia-talavera\\\/\",\"name\":\"Presoterapia en Talavera. Drenaje linf\u00e1tico | Cl\u00ednica de Fisioterapia.\",\"isPartOf\":{\"@id\":\"https:\\\/\\\/iphysio.es\\\/#website\"},\"primaryImageOfPage\":{\"@id\":\"https:\\\/\\\/iphysio.es\\\/index.php\\\/presoterapia-talavera\\\/#primaryimage\"},\"image\":{\"@id\":\"https:\\\/\\\/iphysio.es\\\/index.php\\\/presoterapia-talavera\\\/#primaryimage\"},\"thumbnailUrl\":\"https:\\\/\\\/iphysio.es\\\/wp-content\\\/uploads\\\/2018\\\/12\\\/botas-normatec.jpg\",\"datePublished\":\"2018-12-18T09:38:10+00:00\",\"dateModified\":\"2019-04-12T16:24:48+00:00\",\"description\":\"Presoterapia en Talavera. Drenaje linf\u00e1tico piernas. Sencilla, eficaz, resultados inmediatos, sensaci\u00f3n de alivio. Mala circulaci\u00f3n, celulitis, varices, ...\",\"breadcrumb\":{\"@id\":\"https:\\\/\\\/iphysio.es\\\/index.php\\\/presoterapia-talavera\\\/#breadcrumb\"},\"inLanguage\":\"es\",\"potentialAction\":[{\"@type\":\"ReadAction\",\"target\":[\"https:\\\/\\\/iphysio.es\\\/index.php\\\/presoterapia-talavera\\\/\"]}]},{\"@type\":\"ImageObject\",\"inLanguage\":\"es\",\"@id\":\"https:\\\/\\\/iphysio.es\\\/index.php\\\/presoterapia-talavera\\\/#primaryimage\",\"url\":\"https:\\\/\\\/iphysio.es\\\/wp-content\\\/uploads\\\/2018\\\/12\\\/botas-normatec.jpg\",\"contentUrl\":\"https:\\\/\\\/iphysio.es\\\/wp-content\\\/uploads\\\/2018\\\/12\\\/botas-normatec.jpg\",\"width\":619,\"height\":440},{\"@type\":\"BreadcrumbList\",\"@id\":\"https:\\\/\\\/iphysio.es\\\/index.php\\\/presoterapia-talavera\\\/#breadcrumb\",\"itemListElement\":[{\"@type\":\"ListItem\",\"position\":1,\"name\":\"Portada\",\"item\":\"https:\\\/\\\/iphysio.es\\\/\"},{\"@type\":\"ListItem\",\"position\":2,\"name\":\"Presoterapia\"}]},{\"@type\":\"WebSite\",\"@id\":\"https:\\\/\\\/iphysio.es\\\/#website\",\"url\":\"https:\\\/\\\/iphysio.es\\\/\",\"name\":\"Cl\u00ednica iPhysio Therapy\",\"description\":\"Fisioterapia, Nutrici\u00f3n y Diet\u00e9tica, Pilates, Hipopresivos, Lumbalgias, Cervicalgias, Esguinces, Biomec\u00e1nica\",\"publisher\":{\"@id\":\"https:\\\/\\\/iphysio.es\\\/#organization\"},\"potentialAction\":[{\"@type\":\"SearchAction\",\"target\":{\"@type\":\"EntryPoint\",\"urlTemplate\":\"https:\\\/\\\/iphysio.es\\\/?s={search_term_string}\"},\"query-input\":{\"@type\":\"PropertyValueSpecification\",\"valueRequired\":true,\"valueName\":\"search_term_string\"}}],\"inLanguage\":\"es\"},{\"@type\":\"Organization\",\"@id\":\"https:\\\/\\\/iphysio.es\\\/#organization\",\"name\":\"Fisiotalavera S.L.\",\"url\":\"https:\\\/\\\/iphysio.es\\\/\",\"logo\":{\"@type\":\"ImageObject\",\"inLanguage\":\"es\",\"@id\":\"https:\\\/\\\/iphysio.es\\\/#\\\/schema\\\/logo\\\/image\\\/\",\"url\":\"https:\\\/\\\/iphysio.es\\\/wp-content\\\/uploads\\\/2016\\\/11\\\/cropped-solologo.png\",\"contentUrl\":\"https:\\\/\\\/iphysio.es\\\/wp-content\\\/uploads\\\/2016\\\/11\\\/cropped-solologo.png\",\"width\":402,\"height\":428,\"caption\":\"Fisiotalavera S.L.\"},\"image\":{\"@id\":\"https:\\\/\\\/iphysio.es\\\/#\\\/schema\\\/logo\\\/image\\\/\"},\"sameAs\":[\"https:\\\/\\\/www.facebook.com\\\/iPhysioTalavera\\\/\",\"https:\\\/\\\/x.com\\\/IphysioT\"]}]}<\/script>\n<!-- \/ Yoast SEO plugin. -->","yoast_head_json":{"title":"Presoterapia en Talavera. Drenaje linf\u00e1tico | Cl\u00ednica de Fisioterapia.","description":"Presoterapia en Talavera. Drenaje linf\u00e1tico piernas. Sencilla, eficaz, resultados inmediatos, sensaci\u00f3n de alivio. Mala circulaci\u00f3n, celulitis, varices, ...","robots":{"index":"index","follow":"follow","max-snippet":"max-snippet:-1","max-image-preview":"max-image-preview:large","max-video-preview":"max-video-preview:-1"},"canonical":"https:\/\/iphysio.es\/index.php\/presoterapia-talavera\/","og_locale":"es_ES","og_type":"article","og_title":"Presoterapia en Talavera. Drenaje linf\u00e1tico | Cl\u00ednica de Fisioterapia.","og_description":"Presoterapia en Talavera. Drenaje linf\u00e1tico piernas. Sencilla, eficaz, resultados inmediatos, sensaci\u00f3n de alivio. Mala circulaci\u00f3n, celulitis, varices, ...","og_url":"https:\/\/iphysio.es\/index.php\/presoterapia-talavera\/","og_site_name":"Cl\u00ednica iPhysio Therapy","article_publisher":"https:\/\/www.facebook.com\/iPhysioTalavera\/","article_modified_time":"2019-04-12T16:24:48+00:00","og_image":[{"url":"https:\/\/iphysio.es\/wp-content\/uploads\/2018\/12\/botas-normatec.jpg","type":"","width":"","height":""}],"twitter_card":"summary_large_image","twitter_site":"@IphysioT","twitter_misc":{"Tiempo de lectura":"3 minutos"},"schema":{"@context":"https:\/\/schema.org","@graph":[{"@type":"WebPage","@id":"https:\/\/iphysio.es\/index.php\/presoterapia-talavera\/","url":"https:\/\/iphysio.es\/index.php\/presoterapia-talavera\/","name":"Presoterapia en Talavera. Drenaje linf\u00e1tico | Cl\u00ednica de Fisioterapia.","isPartOf":{"@id":"https:\/\/iphysio.es\/#website"},"primaryImageOfPage":{"@id":"https:\/\/iphysio.es\/index.php\/presoterapia-talavera\/#primaryimage"},"image":{"@id":"https:\/\/iphysio.es\/index.php\/presoterapia-talavera\/#primaryimage"},"thumbnailUrl":"https:\/\/iphysio.es\/wp-content\/uploads\/2018\/12\/botas-normatec.jpg","datePublished":"2018-12-18T09:38:10+00:00","dateModified":"2019-04-12T16:24:48+00:00","description":"Presoterapia en Talavera. Drenaje linf\u00e1tico piernas. Sencilla, eficaz, resultados inmediatos, sensaci\u00f3n de alivio. Mala circulaci\u00f3n, celulitis, varices, ...","breadcrumb":{"@id":"https:\/\/iphysio.es\/index.php\/presoterapia-talavera\/#breadcrumb"},"inLanguage":"es","potentialAction":[{"@type":"ReadAction","target":["https:\/\/iphysio.es\/index.php\/presoterapia-talavera\/"]}]},{"@type":"ImageObject","inLanguage":"es","@id":"https:\/\/iphysio.es\/index.php\/presoterapia-talavera\/#primaryimage","url":"https:\/\/iphysio.es\/wp-content\/uploads\/2018\/12\/botas-normatec.jpg","contentUrl":"https:\/\/iphysio.es\/wp-content\/uploads\/2018\/12\/botas-normatec.jpg","width":619,"height":440},{"@type":"BreadcrumbList","@id":"https:\/\/iphysio.es\/index.php\/presoterapia-talavera\/#breadcrumb","itemListElement":[{"@type":"ListItem","position":1,"name":"Portada","item":"https:\/\/iphysio.es\/"},{"@type":"ListItem","position":2,"name":"Presoterapia"}]},{"@type":"WebSite","@id":"https:\/\/iphysio.es\/#website","url":"https:\/\/iphysio.es\/","name":"Cl\u00ednica iPhysio Therapy","description":"Fisioterapia, Nutrici\u00f3n y Diet\u00e9tica, Pilates, Hipopresivos, Lumbalgias, Cervicalgias, Esguinces, Biomec\u00e1nica","publisher":{"@id":"https:\/\/iphysio.es\/#organization"},"potentialAction":[{"@type":"SearchAction","target":{"@type":"EntryPoint","urlTemplate":"https:\/\/iphysio.es\/?s={search_term_string}"},"query-input":{"@type":"PropertyValueSpecification","valueRequired":true,"valueName":"search_term_string"}}],"inLanguage":"es"},{"@type":"Organization","@id":"https:\/\/iphysio.es\/#organization","name":"Fisiotalavera S.L.","url":"https:\/\/iphysio.es\/","logo":{"@type":"ImageObject","inLanguage":"es","@id":"https:\/\/iphysio.es\/#\/schema\/logo\/image\/","url":"https:\/\/iphysio.es\/wp-content\/uploads\/2016\/11\/cropped-solologo.png","contentUrl":"https:\/\/iphysio.es\/wp-content\/uploads\/2016\/11\/cropped-solologo.png","width":402,"height":428,"caption":"Fisiotalavera S.L."},"image":{"@id":"https:\/\/iphysio.es\/#\/schema\/logo\/image\/"},"sameAs":["https:\/\/www.facebook.com\/iPhysioTalavera\/","https:\/\/x.com\/IphysioT"]}]}},"_links":{"self":[{"href":"https:\/\/iphysio.es\/index.php\/wp-json\/wp\/v2\/pages\/3539","targetHints":{"allow":["GET"]}}],"collection":[{"href":"https:\/\/iphysio.es\/index.php\/wp-json\/wp\/v2\/pages"}],"about":[{"href":"https:\/\/iphysio.es\/index.php\/wp-json\/wp\/v2\/types\/page"}],"author":[{"embeddable":true,"href":"https:\/\/iphysio.es\/index.php\/wp-json\/wp\/v2\/users\/1"}],"replies":[{"embeddable":true,"href":"https:\/\/iphysio.es\/index.php\/wp-json\/wp\/v2\/comments?post=3539"}],"version-history":[{"count":0,"href":"https:\/\/iphysio.es\/index.php\/wp-json\/wp\/v2\/pages\/3539\/revisions"}],"wp:attachment":[{"href":"https:\/\/iphysio.es\/index.php\/wp-json\/wp\/v2\/media?parent=3539"}],"curies":[{"name":"wp","href":"https:\/\/api.w.org\/{rel}","templated":true}]}}