{"id":495,"date":"2017-02-08T10:01:40","date_gmt":"2017-02-08T10:01:40","guid":{"rendered":"http:\/\/iphysio.es\/?page_id=495"},"modified":"2023-11-14T09:42:52","modified_gmt":"2023-11-14T08:42:52","slug":"pablo-luengo","status":"publish","type":"page","link":"https:\/\/iphysio.es\/index.php\/pablo-luengo\/","title":{"rendered":"Pablo Luengo"},"content":{"rendered":"<div class=\"su-row\"><div class=\"su-column su-column-size-1-3\"><div class=\"su-column-inner su-u-clearfix su-u-trim\">\n<p><img loading=\"lazy\" decoding=\"async\" class=\"alignnone wp-image-10341 size-full\" title=\"Beatriz Vivar, diet\u00e9tica y nutrici\u00f3n\" src=\"https:\/\/iphysio.es\/wp-content\/uploads\/2023\/09\/Pablo.jpg\" alt=\"\" width=\"600\" height=\"800\" srcset=\"https:\/\/iphysio.es\/wp-content\/uploads\/2023\/09\/Pablo.jpg 600w, https:\/\/iphysio.es\/wp-content\/uploads\/2023\/09\/Pablo-225x300.jpg 225w\" sizes=\"auto, (max-width: 600px) 100vw, 600px\" \/><\/p>\n<div class=\"su-note\"  style=\"border-color:#dfdfdf;border-radius:2px;-moz-border-radius:2px;-webkit-border-radius:2px;\"><div class=\"su-note-inner su-u-clearfix su-u-trim\" style=\"background-color:#f9f9f9;border-color:#ffffff;color:#3c3c3c;border-radius:2px;-moz-border-radius:2px;-webkit-border-radius:2px;\">\n<table id=\"tablepress-8\" class=\"tablepress tablepress-id-8\">\n<tbody class=\"row-hover\">\n<tr class=\"row-1\">\n\t<td class=\"column-1\"><a href=\"https:\/\/iphysio.es\/index.php\/nuestros-servicios\/fisioterapia-talavera-de-la-reina\/\"><b>FISIOTERAPIA<\/b><\/a><br \/>\n<a href=\"https:\/\/iphysio.es\/index.php\/sara-porrero-fisioterapeuta\/\">Sara<\/a> Porrero<br \/>\n<a href=\"https:\/\/iphysio.es\/index.php\/angel-perez-fisioterapeuta\/\">\u00c1ngel<\/a> P\u00e9rez<br \/>\n<a href=\"https:\/\/iphysio.es\/index.php\/miriam-fernandez\/\">M\u00edriam<\/a> Fern\u00e1ndez<\/td><td class=\"column-2\"><a href=\"https:\/\/iphysio.es\/index.php\/juan-fisioterapeuta\/\">Juan Antonio<\/a> D. Basilio<br \/>\n<a href=\"https:\/\/iphysio.es\/index.php\/luis-navas\/\">Luis Fernando<\/a> Navas<br \/>\n<a href=\"https:\/\/iphysio.es\/index.php\/lorena-jara-fisioterapeuta\/\">Lorena<\/a> Jara<br \/>\n<i>(E)<\/i> <a href=\"https:\/\/iphysio.es\/index.php\/pedro-camacho\/\">Pedro<\/a> Camacho<\/td>\n<\/tr>\n<tr class=\"row-2\">\n\t<td class=\"column-1\"><a href=\"https:\/\/iphysio.es\/index.php\/nuestros-servicios\/fisioterapia-talavera-de-la-reina\/\"><b>NUTRICI\u00d3N<\/b><\/a><br \/>\n<a href=\"https:\/\/iphysio.es\/index.php\/miriam-alia-nutricionista\/\">M\u00edriam  <\/a> Al\u00eda<\/td><td class=\"column-2\">.<br \/>\n<a href=\"https:\/\/iphysio.es\/index.php\/david-olmedo-nutricionista\/\">David  <\/a> Olmedo<\/td>\n<\/tr>\n<tr class=\"row-3\">\n\t<td class=\"column-1\"><a href=\"https:\/\/iphysio.es\/index.php\/nuestros-servicios\/actividades-en-sala-cuidar-tu-cuerpo\/\"><b>PILATES<\/b><\/a><br \/>\n<a href=\"https:\/\/iphysio.es\/index.php\/miriam-fernandez\/\">M\u00edriam<\/a> Fern\u00e1ndez<\/td><td class=\"column-2\"><a href=\"https:\/\/iphysio.es\/index.php\/pablo-luengo\/\">Pablo<\/a> G. Luengo<br \/>\nCarolina Rodr\u00edguez<\/td>\n<\/tr>\n<tr class=\"row-4\">\n\t<td class=\"column-1\"><a href=\"https:\/\/iphysio.es\/index.php\/entrenamiento-deportivo\/\"><b>ENTRENAMIENTO<\/b><\/a><\/td><td class=\"column-2\"><a href=\"https:\/\/iphysio.es\/index.php\/alvaro-s-arjona-entrenador\/\">\u00c1lvaro<\/a> S. Arjona<\/td>\n<\/tr>\n<\/tbody>\n<\/table>\n<!-- #tablepress-8 from cache --><\/div><\/div>\n<\/div><\/div> <div class=\"su-column su-column-size-1-3\"><div class=\"su-column-inner su-u-clearfix su-u-trim\">\n<h2>Pablo Luengo,\u00a0Instructor Teacher Training Pilates<\/h2>\n<hr \/>\n<ul>\n<li>TAFAD (T\u00e9cnico Superior en Actividades F\u00edsicas y Animaci\u00f3n Deportiva)<\/li>\n<li>Teacher Training Course in the Pilates Method desde 2010<\/li>\n<li>Certificaci\u00f3n <strong>Body Intelligent Training<\/strong> en Pilates <strong>embarazo<\/strong><\/li>\n<li><strong>Spring Board Pilates<\/strong> EVO-T Monitor<\/li>\n<li><strong>Low Pressure Fitness<\/strong> Trainer niveles I \/ II \/ III<\/li>\n<li>Certificaci\u00f3n PMA m\u00e9todo pilates y <strong>escoliosis<\/strong><\/li>\n<li>Certificaci\u00f3n PMA en <strong>hernia de disco<\/strong> y m\u00e9todo pilates<\/li>\n<li>Entrenamiento en suspensi\u00f3n aplicado al m\u00e9todo pilates en estudio pilates<\/li>\n<\/ul>\n<\/div><\/div> <div class=\"su-column su-column-size-1-3\"><div class=\"su-column-inner su-u-clearfix su-u-trim\">\n<div style=\"width: 638px;\" class=\"wp-video\"><video class=\"wp-video-shortcode\" id=\"video-495-1\" width=\"638\" height=\"360\" autoplay preload=\"metadata\" controls=\"controls\"><source type=\"video\/mp4\" src=\"https:\/\/iphysio.es\/wp-content\/uploads\/2019\/04\/Exc\u00e9ntrico-de-cu\u00e1driceps-y-psoas-1.mp4?_=1\" \/><a href=\"https:\/\/iphysio.es\/wp-content\/uploads\/2019\/04\/Exc\u00e9ntrico-de-cu\u00e1driceps-y-psoas-1.mp4\">https:\/\/iphysio.es\/wp-content\/uploads\/2019\/04\/Exc\u00e9ntrico-de-cu\u00e1driceps-y-psoas-1.mp4<\/a><\/video><\/div>\n<p>&nbsp;<\/p>\n<p><img loading=\"lazy\" decoding=\"async\" class=\"alignnone wp-image-5525\" src=\"https:\/\/iphysio.es\/wp-content\/uploads\/2019\/10\/Springboard-e1571336571506.jpg\" alt=\"\" width=\"128\" height=\"65\" srcset=\"https:\/\/iphysio.es\/wp-content\/uploads\/2019\/10\/Springboard-e1571336571506.jpg 738w, https:\/\/iphysio.es\/wp-content\/uploads\/2019\/10\/Springboard-e1571336571506-300x153.jpg 300w\" sizes=\"auto, (max-width: 128px) 100vw, 128px\" \/>\u00a0 \u00a0<img loading=\"lazy\" decoding=\"async\" class=\"alignnone wp-image-1335\" src=\"https:\/\/iphysio.es\/wp-content\/uploads\/2018\/08\/logo-anep.png\" alt=\"Instructor de pilates, Pablo Luengo\" width=\"126\" height=\"48\" \/>\u00a0 \u00a0 \u00a0<img loading=\"lazy\" decoding=\"async\" class=\"alignnone wp-image-1336\" src=\"https:\/\/iphysio.es\/wp-content\/uploads\/2018\/08\/hipopresivos-logo.jpg\" alt=\"\" width=\"54\" height=\"54\" srcset=\"https:\/\/iphysio.es\/wp-content\/uploads\/2018\/08\/hipopresivos-logo.jpg 900w, https:\/\/iphysio.es\/wp-content\/uploads\/2018\/08\/hipopresivos-logo-150x150.jpg 150w, https:\/\/iphysio.es\/wp-content\/uploads\/2018\/08\/hipopresivos-logo-300x300.jpg 300w, https:\/\/iphysio.es\/wp-content\/uploads\/2018\/08\/hipopresivos-logo-768x768.jpg 768w\" sizes=\"auto, (max-width: 54px) 100vw, 54px\" \/><\/p>\n<div class=\"su-accordion su-u-trim\"><div class=\"su-spoiler su-spoiler-style-default su-spoiler-icon-plus su-spoiler-closed\" data-scroll-offset=\"0\" data-anchor-in-url=\"no\"><div class=\"su-spoiler-title\" tabindex=\"0\" role=\"button\"><span class=\"su-spoiler-icon\"><\/span><strong>OTRAS TITULACIONES, JORNADAS ESPECIALIZADAS<\/strong><\/div><div class=\"su-spoiler-content su-u-clearfix su-u-trim\">\n<ul>\n<li>Certificaciones <strong>internacionales ANEP<\/strong>:<br \/>\n&#8211; Pilates en la <strong>Edad de Oro<\/strong> (Gideon Avrahami)<br \/>\n&#8211; <strong>Matwork<\/strong> sin l\u00edmites (Gideon Avrahami)<br \/>\n&#8211; Conectando con los <strong>hombros<\/strong> (Michael Fritze)<br \/>\n&#8211; Pilates en columna en <strong>MAT<\/strong> cl\u00e1sico (Elena Bartley)<br \/>\n&#8211; La <strong>hernia de disco lumbar<\/strong> (Isaac Fern\u00e1ndez)<br \/>\n&#8211; La columna fluida y funcional (Beatriz Wyser)<\/li>\n<li>Certificaciones <strong><a href=\"https:\/\/anep-pilates.com\/\" target=\"_blank\" rel=\"noopener\">ANEP<\/a><\/strong>:<br \/>\n&#8211; Romanas pilates<br \/>\n&#8211; Bosu como <strong>Spine Corrector<\/strong> (Patricia Alba)<br \/>\n&#8211; Progresi\u00f3n en MAT<br \/>\n&#8211; Del b\u00e1sico al avanzado (Isaac Fern\u00e1ndez)<\/li>\n<\/ul>\n<\/div><\/div><div class=\"su-spoiler su-spoiler-style-default su-spoiler-icon-plus su-spoiler-closed\" data-scroll-offset=\"0\" data-anchor-in-url=\"no\"><div class=\"su-spoiler-title\" tabindex=\"0\" role=\"button\"><span class=\"su-spoiler-icon\"><\/span><strong>BLOG<\/strong><\/div><div class=\"su-spoiler-content su-u-clearfix su-u-trim\">\n<ul>\n<li><a href=\"https:\/\/iphysio.es\/index.php\/2018\/03\/23\/pilates-en-clinica-iphysio-therapy\/\" target=\"_blank\" rel=\"noopener\">Pilates en Cl\u00ednica iPhysio Therapy<\/a><\/li>\n<\/ul>\n<\/div><\/div> <div class=\"su-spoiler su-spoiler-style-default su-spoiler-icon-plus su-spoiler-closed\" data-scroll-offset=\"0\" data-anchor-in-url=\"no\"><div class=\"su-spoiler-title\" tabindex=\"0\" role=\"button\"><span class=\"su-spoiler-icon\"><\/span><strong>CLASES DE PILATES CON PABLO LUENGO<\/strong><\/div><div class=\"su-spoiler-content su-u-clearfix su-u-trim\">\n<p>Para integrarse en un de nuestros grupos de pilates o de iPhysioFit, puede <strong>llamarnos al 925 68 12 02<\/strong>, <strong>o<\/strong> dejar su solicitud en nuestra <strong>lista de espera<\/strong> en <a href=\"https:\/\/iphysio.es\/index.php\/nuestros-servicios\/actividades-en-sala-cuidar-tu-cuerpo\/\" target=\"_blank\" rel=\"noopener\">este formulario<\/a>.<\/p>\n<\/div><\/div> <\/div>\n<\/div><\/div><\/div>\n ","protected":false},"excerpt":{"rendered":"","protected":false},"author":2,"featured_media":0,"parent":0,"menu_order":0,"comment_status":"closed","ping_status":"closed","template":"","meta":{"footnotes":"","_links_to":"","_links_to_target":""},"class_list":["post-495","page","type-page","status-publish","hentry"],"yoast_head":"<!-- This site is optimized with the Yoast SEO plugin v27.5 - https:\/\/yoast.com\/product\/yoast-seo-wordpress\/ -->\n<title>Pablo Luengo. Pilates en Talavera | Cl\u00ednica iPhysio Therapy<\/title>\n<meta name=\"description\" content=\"Pablo Luengo. Instructor de pilates en Cl\u00ednica iPhysio. Spring Board Pilates EVO-T Monitor. Low preassure fitness. Certificaci\u00f3n ANEP\/PMA.\" \/>\n<meta name=\"robots\" content=\"index, follow, max-snippet:-1, max-image-preview:large, max-video-preview:-1\" \/>\n<link rel=\"canonical\" href=\"https:\/\/iphysio.es\/index.php\/pablo-luengo\/\" \/>\n<meta property=\"og:locale\" content=\"es_ES\" \/>\n<meta property=\"og:type\" content=\"article\" \/>\n<meta property=\"og:title\" content=\"Pablo Luengo. Pilates en Talavera | Cl\u00ednica iPhysio Therapy\" \/>\n<meta property=\"og:description\" content=\"Certificaci\u00f3n ANEP\/PMA. SpringBoard Pilates. EVO-T Monitor. Low preassure fitness. Hipopresivos.\" \/>\n<meta property=\"og:url\" content=\"https:\/\/iphysio.es\/index.php\/pablo-luengo\/\" \/>\n<meta property=\"og:site_name\" content=\"Cl\u00ednica iPhysio Therapy\" \/>\n<meta property=\"article:publisher\" content=\"https:\/\/www.facebook.com\/iPhysioTalavera\/\" \/>\n<meta property=\"article:modified_time\" content=\"2023-11-14T08:42:52+00:00\" \/>\n<meta property=\"og:image\" content=\"https:\/\/iphysio.es\/wp-content\/uploads\/2017\/01\/DSC01119-e1534869988790.jpg\" \/>\n\t<meta property=\"og:image:width\" content=\"2000\" \/>\n\t<meta property=\"og:image:height\" content=\"1500\" \/>\n\t<meta property=\"og:image:type\" content=\"image\/jpeg\" \/>\n<meta name=\"twitter:card\" content=\"summary_large_image\" \/>\n<meta name=\"twitter:site\" content=\"@IphysioT\" \/>\n<meta name=\"twitter:label1\" content=\"Tiempo de lectura\" \/>\n\t<meta name=\"twitter:data1\" content=\"2 minutos\" \/>\n<script type=\"application\/ld+json\" class=\"yoast-schema-graph\">{\"@context\":\"https:\\\/\\\/schema.org\",\"@graph\":[{\"@type\":\"WebPage\",\"@id\":\"https:\\\/\\\/iphysio.es\\\/index.php\\\/pablo-luengo\\\/\",\"url\":\"https:\\\/\\\/iphysio.es\\\/index.php\\\/pablo-luengo\\\/\",\"name\":\"Pablo Luengo. Pilates en Talavera | Cl\u00ednica iPhysio Therapy\",\"isPartOf\":{\"@id\":\"https:\\\/\\\/iphysio.es\\\/#website\"},\"primaryImageOfPage\":{\"@id\":\"https:\\\/\\\/iphysio.es\\\/index.php\\\/pablo-luengo\\\/#primaryimage\"},\"image\":{\"@id\":\"https:\\\/\\\/iphysio.es\\\/index.php\\\/pablo-luengo\\\/#primaryimage\"},\"thumbnailUrl\":\"https:\\\/\\\/iphysio.es\\\/wp-content\\\/uploads\\\/2023\\\/09\\\/Pablo.jpg\",\"datePublished\":\"2017-02-08T10:01:40+00:00\",\"dateModified\":\"2023-11-14T08:42:52+00:00\",\"description\":\"Pablo Luengo. Instructor de pilates en Cl\u00ednica iPhysio. Spring Board Pilates EVO-T Monitor. Low preassure fitness. Certificaci\u00f3n ANEP\\\/PMA.\",\"breadcrumb\":{\"@id\":\"https:\\\/\\\/iphysio.es\\\/index.php\\\/pablo-luengo\\\/#breadcrumb\"},\"inLanguage\":\"es\",\"potentialAction\":[{\"@type\":\"ReadAction\",\"target\":[\"https:\\\/\\\/iphysio.es\\\/index.php\\\/pablo-luengo\\\/\"]}]},{\"@type\":\"ImageObject\",\"inLanguage\":\"es\",\"@id\":\"https:\\\/\\\/iphysio.es\\\/index.php\\\/pablo-luengo\\\/#primaryimage\",\"url\":\"https:\\\/\\\/iphysio.es\\\/wp-content\\\/uploads\\\/2023\\\/09\\\/Pablo.jpg\",\"contentUrl\":\"https:\\\/\\\/iphysio.es\\\/wp-content\\\/uploads\\\/2023\\\/09\\\/Pablo.jpg\",\"width\":600,\"height\":800},{\"@type\":\"BreadcrumbList\",\"@id\":\"https:\\\/\\\/iphysio.es\\\/index.php\\\/pablo-luengo\\\/#breadcrumb\",\"itemListElement\":[{\"@type\":\"ListItem\",\"position\":1,\"name\":\"Portada\",\"item\":\"https:\\\/\\\/iphysio.es\\\/\"},{\"@type\":\"ListItem\",\"position\":2,\"name\":\"Pablo Luengo\"}]},{\"@type\":\"WebSite\",\"@id\":\"https:\\\/\\\/iphysio.es\\\/#website\",\"url\":\"https:\\\/\\\/iphysio.es\\\/\",\"name\":\"Cl\u00ednica iPhysio Therapy\",\"description\":\"Fisioterapia, Nutrici\u00f3n y Diet\u00e9tica, Pilates, Hipopresivos, Lumbalgias, Cervicalgias, Esguinces, Biomec\u00e1nica\",\"publisher\":{\"@id\":\"https:\\\/\\\/iphysio.es\\\/#organization\"},\"potentialAction\":[{\"@type\":\"SearchAction\",\"target\":{\"@type\":\"EntryPoint\",\"urlTemplate\":\"https:\\\/\\\/iphysio.es\\\/?s={search_term_string}\"},\"query-input\":{\"@type\":\"PropertyValueSpecification\",\"valueRequired\":true,\"valueName\":\"search_term_string\"}}],\"inLanguage\":\"es\"},{\"@type\":\"Organization\",\"@id\":\"https:\\\/\\\/iphysio.es\\\/#organization\",\"name\":\"Fisiotalavera S.L.\",\"url\":\"https:\\\/\\\/iphysio.es\\\/\",\"logo\":{\"@type\":\"ImageObject\",\"inLanguage\":\"es\",\"@id\":\"https:\\\/\\\/iphysio.es\\\/#\\\/schema\\\/logo\\\/image\\\/\",\"url\":\"https:\\\/\\\/iphysio.es\\\/wp-content\\\/uploads\\\/2016\\\/11\\\/cropped-solologo.png\",\"contentUrl\":\"https:\\\/\\\/iphysio.es\\\/wp-content\\\/uploads\\\/2016\\\/11\\\/cropped-solologo.png\",\"width\":402,\"height\":428,\"caption\":\"Fisiotalavera S.L.\"},\"image\":{\"@id\":\"https:\\\/\\\/iphysio.es\\\/#\\\/schema\\\/logo\\\/image\\\/\"},\"sameAs\":[\"https:\\\/\\\/www.facebook.com\\\/iPhysioTalavera\\\/\",\"https:\\\/\\\/x.com\\\/IphysioT\"]}]}<\/script>\n<!-- \/ Yoast SEO plugin. -->","yoast_head_json":{"title":"Pablo Luengo. Pilates en Talavera | Cl\u00ednica iPhysio Therapy","description":"Pablo Luengo. Instructor de pilates en Cl\u00ednica iPhysio. Spring Board Pilates EVO-T Monitor. Low preassure fitness. Certificaci\u00f3n ANEP\/PMA.","robots":{"index":"index","follow":"follow","max-snippet":"max-snippet:-1","max-image-preview":"max-image-preview:large","max-video-preview":"max-video-preview:-1"},"canonical":"https:\/\/iphysio.es\/index.php\/pablo-luengo\/","og_locale":"es_ES","og_type":"article","og_title":"Pablo Luengo. Pilates en Talavera | Cl\u00ednica iPhysio Therapy","og_description":"Certificaci\u00f3n ANEP\/PMA. SpringBoard Pilates. EVO-T Monitor. Low preassure fitness. Hipopresivos.","og_url":"https:\/\/iphysio.es\/index.php\/pablo-luengo\/","og_site_name":"Cl\u00ednica iPhysio Therapy","article_publisher":"https:\/\/www.facebook.com\/iPhysioTalavera\/","article_modified_time":"2023-11-14T08:42:52+00:00","og_image":[{"width":2000,"height":1500,"url":"https:\/\/iphysio.es\/wp-content\/uploads\/2017\/01\/DSC01119-e1534869988790.jpg","type":"image\/jpeg"}],"twitter_card":"summary_large_image","twitter_site":"@IphysioT","twitter_misc":{"Tiempo de lectura":"2 minutos"},"schema":{"@context":"https:\/\/schema.org","@graph":[{"@type":"WebPage","@id":"https:\/\/iphysio.es\/index.php\/pablo-luengo\/","url":"https:\/\/iphysio.es\/index.php\/pablo-luengo\/","name":"Pablo Luengo. Pilates en Talavera | Cl\u00ednica iPhysio Therapy","isPartOf":{"@id":"https:\/\/iphysio.es\/#website"},"primaryImageOfPage":{"@id":"https:\/\/iphysio.es\/index.php\/pablo-luengo\/#primaryimage"},"image":{"@id":"https:\/\/iphysio.es\/index.php\/pablo-luengo\/#primaryimage"},"thumbnailUrl":"https:\/\/iphysio.es\/wp-content\/uploads\/2023\/09\/Pablo.jpg","datePublished":"2017-02-08T10:01:40+00:00","dateModified":"2023-11-14T08:42:52+00:00","description":"Pablo Luengo. Instructor de pilates en Cl\u00ednica iPhysio. Spring Board Pilates EVO-T Monitor. Low preassure fitness. Certificaci\u00f3n ANEP\/PMA.","breadcrumb":{"@id":"https:\/\/iphysio.es\/index.php\/pablo-luengo\/#breadcrumb"},"inLanguage":"es","potentialAction":[{"@type":"ReadAction","target":["https:\/\/iphysio.es\/index.php\/pablo-luengo\/"]}]},{"@type":"ImageObject","inLanguage":"es","@id":"https:\/\/iphysio.es\/index.php\/pablo-luengo\/#primaryimage","url":"https:\/\/iphysio.es\/wp-content\/uploads\/2023\/09\/Pablo.jpg","contentUrl":"https:\/\/iphysio.es\/wp-content\/uploads\/2023\/09\/Pablo.jpg","width":600,"height":800},{"@type":"BreadcrumbList","@id":"https:\/\/iphysio.es\/index.php\/pablo-luengo\/#breadcrumb","itemListElement":[{"@type":"ListItem","position":1,"name":"Portada","item":"https:\/\/iphysio.es\/"},{"@type":"ListItem","position":2,"name":"Pablo Luengo"}]},{"@type":"WebSite","@id":"https:\/\/iphysio.es\/#website","url":"https:\/\/iphysio.es\/","name":"Cl\u00ednica iPhysio Therapy","description":"Fisioterapia, Nutrici\u00f3n y Diet\u00e9tica, Pilates, Hipopresivos, Lumbalgias, Cervicalgias, Esguinces, Biomec\u00e1nica","publisher":{"@id":"https:\/\/iphysio.es\/#organization"},"potentialAction":[{"@type":"SearchAction","target":{"@type":"EntryPoint","urlTemplate":"https:\/\/iphysio.es\/?s={search_term_string}"},"query-input":{"@type":"PropertyValueSpecification","valueRequired":true,"valueName":"search_term_string"}}],"inLanguage":"es"},{"@type":"Organization","@id":"https:\/\/iphysio.es\/#organization","name":"Fisiotalavera S.L.","url":"https:\/\/iphysio.es\/","logo":{"@type":"ImageObject","inLanguage":"es","@id":"https:\/\/iphysio.es\/#\/schema\/logo\/image\/","url":"https:\/\/iphysio.es\/wp-content\/uploads\/2016\/11\/cropped-solologo.png","contentUrl":"https:\/\/iphysio.es\/wp-content\/uploads\/2016\/11\/cropped-solologo.png","width":402,"height":428,"caption":"Fisiotalavera S.L."},"image":{"@id":"https:\/\/iphysio.es\/#\/schema\/logo\/image\/"},"sameAs":["https:\/\/www.facebook.com\/iPhysioTalavera\/","https:\/\/x.com\/IphysioT"]}]}},"_links":{"self":[{"href":"https:\/\/iphysio.es\/index.php\/wp-json\/wp\/v2\/pages\/495","targetHints":{"allow":["GET"]}}],"collection":[{"href":"https:\/\/iphysio.es\/index.php\/wp-json\/wp\/v2\/pages"}],"about":[{"href":"https:\/\/iphysio.es\/index.php\/wp-json\/wp\/v2\/types\/page"}],"author":[{"embeddable":true,"href":"https:\/\/iphysio.es\/index.php\/wp-json\/wp\/v2\/users\/2"}],"replies":[{"embeddable":true,"href":"https:\/\/iphysio.es\/index.php\/wp-json\/wp\/v2\/comments?post=495"}],"version-history":[{"count":0,"href":"https:\/\/iphysio.es\/index.php\/wp-json\/wp\/v2\/pages\/495\/revisions"}],"wp:attachment":[{"href":"https:\/\/iphysio.es\/index.php\/wp-json\/wp\/v2\/media?parent=495"}],"curies":[{"name":"wp","href":"https:\/\/api.w.org\/{rel}","templated":true}]}}