{"id":498,"date":"2017-02-08T10:04:54","date_gmt":"2017-02-08T10:04:54","guid":{"rendered":"http:\/\/iphysio.es\/?page_id=498"},"modified":"2023-09-20T11:39:08","modified_gmt":"2023-09-20T09:39:08","slug":"luis-navas","status":"publish","type":"page","link":"https:\/\/iphysio.es\/index.php\/luis-navas\/","title":{"rendered":"Fisioterapeuta | Luis Navas"},"content":{"rendered":"<div class=\"su-row\"><div class=\"su-column su-column-size-1-3\"><div class=\"su-column-inner su-u-clearfix su-u-trim\">\n<p><img loading=\"lazy\" decoding=\"async\" class=\"alignnone wp-image-10335 size-full\" title=\"Beatriz Vivar, diet\u00e9tica y nutrici\u00f3n\" src=\"https:\/\/iphysio.es\/wp-content\/uploads\/2023\/09\/Luis.jpg\" alt=\"\" width=\"600\" height=\"800\" srcset=\"https:\/\/iphysio.es\/wp-content\/uploads\/2023\/09\/Luis.jpg 600w, https:\/\/iphysio.es\/wp-content\/uploads\/2023\/09\/Luis-225x300.jpg 225w\" sizes=\"auto, (max-width: 600px) 100vw, 600px\" \/><\/p>\n<div class=\"su-note\"  style=\"border-color:#dfdfdf;border-radius:2px;-moz-border-radius:2px;-webkit-border-radius:2px;\"><div class=\"su-note-inner su-u-clearfix su-u-trim\" style=\"background-color:#f9f9f9;border-color:#ffffff;color:#3c3c3c;border-radius:2px;-moz-border-radius:2px;-webkit-border-radius:2px;\">\n<table id=\"tablepress-8\" class=\"tablepress tablepress-id-8\">\n<tbody class=\"row-hover\">\n<tr class=\"row-1\">\n\t<td class=\"column-1\"><a href=\"https:\/\/iphysio.es\/index.php\/nuestros-servicios\/fisioterapia-talavera-de-la-reina\/\"><b>FISIOTERAPIA<\/b><\/a><br \/>\n<a href=\"https:\/\/iphysio.es\/index.php\/sara-porrero-fisioterapeuta\/\">Sara<\/a> Porrero<br \/>\n<a href=\"https:\/\/iphysio.es\/index.php\/angel-perez-fisioterapeuta\/\">\u00c1ngel<\/a> P\u00e9rez<br \/>\n<a href=\"https:\/\/iphysio.es\/index.php\/miriam-fernandez\/\">M\u00edriam<\/a> Fern\u00e1ndez<\/td><td class=\"column-2\"><a href=\"https:\/\/iphysio.es\/index.php\/juan-fisioterapeuta\/\">Juan Antonio<\/a> D. Basilio<br \/>\n<a href=\"https:\/\/iphysio.es\/index.php\/luis-navas\/\">Luis Fernando<\/a> Navas<br \/>\n<a href=\"https:\/\/iphysio.es\/index.php\/lorena-jara-fisioterapeuta\/\">Lorena<\/a> Jara<br \/>\n<i>(E)<\/i> <a href=\"https:\/\/iphysio.es\/index.php\/pedro-camacho\/\">Pedro<\/a> Camacho<\/td>\n<\/tr>\n<tr class=\"row-2\">\n\t<td class=\"column-1\"><a href=\"https:\/\/iphysio.es\/index.php\/nuestros-servicios\/fisioterapia-talavera-de-la-reina\/\"><b>NUTRICI\u00d3N<\/b><\/a><br \/>\n<a href=\"https:\/\/iphysio.es\/index.php\/miriam-alia-nutricionista\/\">M\u00edriam  <\/a> Al\u00eda<\/td><td class=\"column-2\">.<br \/>\n<a href=\"https:\/\/iphysio.es\/index.php\/david-olmedo-nutricionista\/\">David  <\/a> Olmedo<\/td>\n<\/tr>\n<tr class=\"row-3\">\n\t<td class=\"column-1\"><a href=\"https:\/\/iphysio.es\/index.php\/nuestros-servicios\/actividades-en-sala-cuidar-tu-cuerpo\/\"><b>PILATES<\/b><\/a><br \/>\n<a href=\"https:\/\/iphysio.es\/index.php\/miriam-fernandez\/\">M\u00edriam<\/a> Fern\u00e1ndez<\/td><td class=\"column-2\"><a href=\"https:\/\/iphysio.es\/index.php\/pablo-luengo\/\">Pablo<\/a> G. Luengo<br \/>\nCarolina Rodr\u00edguez<\/td>\n<\/tr>\n<tr class=\"row-4\">\n\t<td class=\"column-1\"><a href=\"https:\/\/iphysio.es\/index.php\/entrenamiento-deportivo\/\"><b>ENTRENAMIENTO<\/b><\/a><\/td><td class=\"column-2\"><a href=\"https:\/\/iphysio.es\/index.php\/alvaro-s-arjona-entrenador\/\">\u00c1lvaro<\/a> S. Arjona<\/td>\n<\/tr>\n<\/tbody>\n<\/table>\n<!-- #tablepress-8 from cache --><\/div><\/div>\n<\/div><\/div> <div class=\"su-column su-column-size-1-3\"><div class=\"su-column-inner su-u-clearfix su-u-trim\">\n<h2>Luis F. Navas, Diplomado en Fisioterapia<\/h2>\n<p>Colegiado 0850\u00a0<a href=\"https:\/\/www.coficam.org\" target=\"_blank\" rel=\"noopener\">COFICAM<\/a><\/p>\n<hr \/>\n<ul>\n<li><strong>Diplomado en Fisioterapia<br \/>\n<\/strong>(Universidad Alfonso X el Sabio, Madrid 2006)<\/li>\n<li><strong>Posgrado<\/strong> Experto en <strong>Fisioterapia Invasiva<\/strong> y Experto en <strong>Ecograf\u00eda<\/strong><br \/>\n(Universidad Cat\u00f3lica de Murcia, 2019\/2020)<\/li>\n<li>Fisioterapia en las <strong>Disfunciones<\/strong> de la <strong>Articulaci\u00f3n Temporo-mandibular<\/strong> <strong>ATM<\/strong><br \/>\n(Escuela Universitaria de Enfermer\u00eda y Fisioterapia UCLM, 2014)<\/li>\n<li>An\u00e1lisis y Tratamiento Biomec\u00e1nico de <strong>Lesiones en la Carrera y Marcha a Pie<\/strong><br \/>\n(Running Therapy Center, Madrid 2017)<\/li>\n<\/ul>\n<p>Fisioterapeuta del FC Talavera durante tres temporadas. Tambi\u00e9n ha ejercido como fisioterapeuta en\u00a0<a href=\"https:\/\/www.quironsalud.es\/\" target=\"_blank\" rel=\"noopener\">Grupo Hospitalario Quir\u00f3n<\/a>, Cl\u00ednica Puertosalud, y en el Centro de Lesionados Medulares <a href=\"https:\/\/www.aspaym.org\/\" target=\"_blank\" rel=\"noopener\">ASPAIN<\/a>.<\/p>\n<\/div><\/div> <div class=\"su-column su-column-size-1-3\"><div class=\"su-column-inner su-u-clearfix su-u-trim\">\n<div id=\"attachment_5042\" style=\"width: 650px\" class=\"wp-caption alignnone\"><img loading=\"lazy\" decoding=\"async\" aria-describedby=\"caption-attachment-5042\" class=\"wp-image-5042 size-large\" src=\"https:\/\/iphysio.es\/wp-content\/uploads\/2019\/07\/25-agosto-2019-1-768x1024.jpg\" alt=\"\" width=\"640\" height=\"853\" srcset=\"https:\/\/iphysio.es\/wp-content\/uploads\/2019\/07\/25-agosto-2019-1.jpg 768w, https:\/\/iphysio.es\/wp-content\/uploads\/2019\/07\/25-agosto-2019-1-225x300.jpg 225w\" sizes=\"auto, (max-width: 640px) 100vw, 640px\" \/><p id=\"caption-attachment-5042\" class=\"wp-caption-text\">Isabel Rico, capitana de la Selecci\u00f3n Espa\u00f1ola Femenina de Rugby.<\/p><\/div>\n<div class=\"su-accordion su-u-trim\"><div class=\"su-spoiler su-spoiler-style-default su-spoiler-icon-plus su-spoiler-closed\" data-scroll-offset=\"0\" data-anchor-in-url=\"no\"><div class=\"su-spoiler-title\" tabindex=\"0\" role=\"button\"><span class=\"su-spoiler-icon\"><\/span><strong>OTRAS TITULACIONES, JORNADAS ESPECIALIZADAS<\/strong><\/div><div class=\"su-spoiler-content su-u-clearfix su-u-trim\">\n<ul>\n<li>Congreso Internacional de Fisioterapia y Deporte\u00a0(Hospital Cl\u00ednico San Carlos, Madrid 2018)<\/li>\n<li>Tratamiento Cl\u00ednico de <strong>Tendinopat\u00edas\u00a0<\/strong>(EPTE, Madrid 2017)<\/li>\n<li>Nivel 1 <strong>Pilates<\/strong> Springboard\u00a0(Pilates Springboard, Madrid 2016)<\/li>\n<li>Fisioterapia del <strong>C\u00f3lico del Lactante\u00a0<\/strong>(FISIOFORMACI\u00d3N, Madrid 2015)<\/li>\n<li><strong>Entrenamiento de la Mountain Bike<\/strong>: de la Iniciaci\u00f3n al Alto Rendimiento\u00a0(Consejer\u00eda Educaci\u00f3n y Ciencia JCCLM, Ciudad Real 2011)<\/li>\n<li><strong>Entrenamiento Funcional<\/strong>: Bases y Propuestas Pr\u00e1cticas\u00a0(Consejer\u00eda Educaci\u00f3n y Ciencia JCCLM, Mota del Cuervo 2011)<\/li>\n<li><strong>Osteopat\u00eda<\/strong> Estructural\u00a0(ISED, Madrid 2010)<\/li>\n<li>Ejercicios Eficaces y Seguros en el <strong>Entrenamiento Deportivo\u00a0<\/strong>(Consejer\u00eda Educaci\u00f3n y Ciencia JCCLM, Talavera de la Reina 2010)<\/li>\n<li><strong>Electroterapia\u00a0<\/strong>(FISIOFORMACI\u00d3N, Madrid 2008)<\/li>\n<li><strong>Anatom\u00eda Palpatoria y Diagn\u00f3stico<\/strong> Cl\u00ednico en Fisioterapia\u00a0(FISIOFORMACI\u00d3N, Madrid 2008)<\/li>\n<li>T\u00e9cnicas de <strong>Regeneraci\u00f3n de Partes Blandas\u00a0<\/strong>(FISIOFORMACI\u00d3N, Madrid 2008)<\/li>\n<li><strong>Vendaje Neuromuscular\u00a0<\/strong>(ATENA, Madrid 2007)<\/li>\n<\/ul>\n<p>Electrolisis Percut\u00e1nea Intratisular (<a href=\"https:\/\/www.electrolisisterapeutica.com\/\" target=\"_blank\" rel=\"noopener\">EPTE<\/a>). <strong>Fibrolisis<\/strong> instrumental (ganchos). Vendajes <strong>McConnell <\/strong>(rodilla y hombro). <strong>Punci\u00f3n seca<\/strong>. Pilates suelo.\u00a0Pilates Spring Board.\u00a0<strong>Entrenamiento funcional.\u00a0<\/strong>Ecograf\u00eda<\/p>\n<\/div><\/div><div class=\"su-spoiler su-spoiler-style-default su-spoiler-icon-plus su-spoiler-closed\" data-scroll-offset=\"0\" data-anchor-in-url=\"no\"><div class=\"su-spoiler-title\" tabindex=\"0\" role=\"button\"><span class=\"su-spoiler-icon\"><\/span><strong>BLOG<\/strong><\/div><div class=\"su-spoiler-content su-u-clearfix su-u-trim\">\n<ul>\n<li><a href=\"https:\/\/iphysio.es\/index.php\/2019\/09\/12\/agujetas-otra-vuelta-de-las-vacaciones\/\" target=\"_blank\" rel=\"noopener\">Agujetas, otra vuelta de las vacaciones<\/a><\/li>\n<\/ul>\n<\/div><\/div> <div class=\"su-spoiler su-spoiler-style-default su-spoiler-icon-plus su-spoiler-closed\" data-scroll-offset=\"0\" data-anchor-in-url=\"no\"><div class=\"su-spoiler-title\" tabindex=\"0\" role=\"button\"><span class=\"su-spoiler-icon\"><\/span><strong>SOLICITUD DE CONSULTA con Luis Navas<\/strong><\/div><div class=\"su-spoiler-content su-u-clearfix su-u-trim\">\n<p>Puede<strong> solicitar cita <\/strong>en nuestro<strong> servicio de fisioterapia:<\/strong><\/p>\n<ul>\n<li>Por <strong>tel\u00e9fono<\/strong>: 925 68 12 02<\/li>\n<li>Por <strong>WhastApp<\/strong>: 657 658 269<\/li>\n<li>Mediante <strong><a href=\"https:\/\/iphysio.es\/index.php\/contacto\/\">formulario<\/a><\/strong><\/li>\n<\/ul>\n<\/div><\/div> <\/div>\n<\/div><\/div><\/div>\n ","protected":false},"excerpt":{"rendered":"","protected":false},"author":2,"featured_media":0,"parent":0,"menu_order":0,"comment_status":"closed","ping_status":"closed","template":"","meta":{"footnotes":"","_links_to":"","_links_to_target":""},"class_list":["post-498","page","type-page","status-publish","hentry"],"yoast_head":"<!-- This site is optimized with the Yoast SEO plugin v27.5 - https:\/\/yoast.com\/product\/yoast-seo-wordpress\/ -->\n<title>Luis Navas, Fisioterapeuta en Talavera | Cl\u00ednica iPhysio Therapy<\/title>\n<meta name=\"description\" content=\"Luis Navas, Diplomado en Fisioterapia, Col. COFICAM 850. Tendinopat\u00edas. ATM. EPTE. Fibrolisis instrumental. Punci\u00f3n seca. Entrenamiento funcional.\" \/>\n<meta name=\"robots\" content=\"index, follow, max-snippet:-1, max-image-preview:large, max-video-preview:-1\" \/>\n<link rel=\"canonical\" href=\"https:\/\/iphysio.es\/index.php\/luis-navas\/\" \/>\n<meta property=\"og:locale\" content=\"es_ES\" \/>\n<meta property=\"og:type\" content=\"article\" \/>\n<meta property=\"og:title\" content=\"Luis Navas, Fisioterapeuta en Talavera | Cl\u00ednica iPhysio Therapy\" \/>\n<meta property=\"og:description\" content=\"Luis Navas, Diplomado en Fisioterapia, Col. COFICAM 850. Tendinopat\u00edas. ATM. EPTE. Fibrolisis instrumental. Punci\u00f3n seca. Entrenamiento funcional.\" \/>\n<meta property=\"og:url\" content=\"https:\/\/iphysio.es\/index.php\/luis-navas\/\" \/>\n<meta property=\"og:site_name\" content=\"Cl\u00ednica iPhysio Therapy\" \/>\n<meta property=\"article:publisher\" content=\"https:\/\/www.facebook.com\/iPhysioTalavera\/\" \/>\n<meta property=\"article:modified_time\" content=\"2023-09-20T09:39:08+00:00\" \/>\n<meta property=\"og:image\" content=\"https:\/\/iphysio.es\/wp-content\/uploads\/2023\/09\/Luis.jpg\" \/>\n<meta name=\"twitter:card\" content=\"summary_large_image\" \/>\n<meta name=\"twitter:site\" content=\"@IphysioT\" \/>\n<meta name=\"twitter:label1\" content=\"Tiempo de lectura\" \/>\n\t<meta name=\"twitter:data1\" content=\"2 minutos\" \/>\n<script type=\"application\/ld+json\" class=\"yoast-schema-graph\">{\"@context\":\"https:\\\/\\\/schema.org\",\"@graph\":[{\"@type\":\"WebPage\",\"@id\":\"https:\\\/\\\/iphysio.es\\\/index.php\\\/luis-navas\\\/\",\"url\":\"https:\\\/\\\/iphysio.es\\\/index.php\\\/luis-navas\\\/\",\"name\":\"Luis Navas, Fisioterapeuta en Talavera | Cl\u00ednica iPhysio Therapy\",\"isPartOf\":{\"@id\":\"https:\\\/\\\/iphysio.es\\\/#website\"},\"primaryImageOfPage\":{\"@id\":\"https:\\\/\\\/iphysio.es\\\/index.php\\\/luis-navas\\\/#primaryimage\"},\"image\":{\"@id\":\"https:\\\/\\\/iphysio.es\\\/index.php\\\/luis-navas\\\/#primaryimage\"},\"thumbnailUrl\":\"https:\\\/\\\/iphysio.es\\\/wp-content\\\/uploads\\\/2023\\\/09\\\/Luis.jpg\",\"datePublished\":\"2017-02-08T10:04:54+00:00\",\"dateModified\":\"2023-09-20T09:39:08+00:00\",\"description\":\"Luis Navas, Diplomado en Fisioterapia, Col. COFICAM 850. Tendinopat\u00edas. ATM. EPTE. Fibrolisis instrumental. Punci\u00f3n seca. Entrenamiento funcional.\",\"breadcrumb\":{\"@id\":\"https:\\\/\\\/iphysio.es\\\/index.php\\\/luis-navas\\\/#breadcrumb\"},\"inLanguage\":\"es\",\"potentialAction\":[{\"@type\":\"ReadAction\",\"target\":[\"https:\\\/\\\/iphysio.es\\\/index.php\\\/luis-navas\\\/\"]}]},{\"@type\":\"ImageObject\",\"inLanguage\":\"es\",\"@id\":\"https:\\\/\\\/iphysio.es\\\/index.php\\\/luis-navas\\\/#primaryimage\",\"url\":\"https:\\\/\\\/iphysio.es\\\/wp-content\\\/uploads\\\/2023\\\/09\\\/Luis.jpg\",\"contentUrl\":\"https:\\\/\\\/iphysio.es\\\/wp-content\\\/uploads\\\/2023\\\/09\\\/Luis.jpg\",\"width\":600,\"height\":800},{\"@type\":\"BreadcrumbList\",\"@id\":\"https:\\\/\\\/iphysio.es\\\/index.php\\\/luis-navas\\\/#breadcrumb\",\"itemListElement\":[{\"@type\":\"ListItem\",\"position\":1,\"name\":\"Portada\",\"item\":\"https:\\\/\\\/iphysio.es\\\/\"},{\"@type\":\"ListItem\",\"position\":2,\"name\":\"Fisioterapeuta | Luis Navas\"}]},{\"@type\":\"WebSite\",\"@id\":\"https:\\\/\\\/iphysio.es\\\/#website\",\"url\":\"https:\\\/\\\/iphysio.es\\\/\",\"name\":\"Cl\u00ednica iPhysio Therapy\",\"description\":\"Fisioterapia, Nutrici\u00f3n y Diet\u00e9tica, Pilates, Hipopresivos, Lumbalgias, Cervicalgias, Esguinces, Biomec\u00e1nica\",\"publisher\":{\"@id\":\"https:\\\/\\\/iphysio.es\\\/#organization\"},\"potentialAction\":[{\"@type\":\"SearchAction\",\"target\":{\"@type\":\"EntryPoint\",\"urlTemplate\":\"https:\\\/\\\/iphysio.es\\\/?s={search_term_string}\"},\"query-input\":{\"@type\":\"PropertyValueSpecification\",\"valueRequired\":true,\"valueName\":\"search_term_string\"}}],\"inLanguage\":\"es\"},{\"@type\":\"Organization\",\"@id\":\"https:\\\/\\\/iphysio.es\\\/#organization\",\"name\":\"Fisiotalavera S.L.\",\"url\":\"https:\\\/\\\/iphysio.es\\\/\",\"logo\":{\"@type\":\"ImageObject\",\"inLanguage\":\"es\",\"@id\":\"https:\\\/\\\/iphysio.es\\\/#\\\/schema\\\/logo\\\/image\\\/\",\"url\":\"https:\\\/\\\/iphysio.es\\\/wp-content\\\/uploads\\\/2016\\\/11\\\/cropped-solologo.png\",\"contentUrl\":\"https:\\\/\\\/iphysio.es\\\/wp-content\\\/uploads\\\/2016\\\/11\\\/cropped-solologo.png\",\"width\":402,\"height\":428,\"caption\":\"Fisiotalavera S.L.\"},\"image\":{\"@id\":\"https:\\\/\\\/iphysio.es\\\/#\\\/schema\\\/logo\\\/image\\\/\"},\"sameAs\":[\"https:\\\/\\\/www.facebook.com\\\/iPhysioTalavera\\\/\",\"https:\\\/\\\/x.com\\\/IphysioT\"]}]}<\/script>\n<!-- \/ Yoast SEO plugin. -->","yoast_head_json":{"title":"Luis Navas, Fisioterapeuta en Talavera | Cl\u00ednica iPhysio Therapy","description":"Luis Navas, Diplomado en Fisioterapia, Col. COFICAM 850. Tendinopat\u00edas. ATM. EPTE. Fibrolisis instrumental. Punci\u00f3n seca. Entrenamiento funcional.","robots":{"index":"index","follow":"follow","max-snippet":"max-snippet:-1","max-image-preview":"max-image-preview:large","max-video-preview":"max-video-preview:-1"},"canonical":"https:\/\/iphysio.es\/index.php\/luis-navas\/","og_locale":"es_ES","og_type":"article","og_title":"Luis Navas, Fisioterapeuta en Talavera | Cl\u00ednica iPhysio Therapy","og_description":"Luis Navas, Diplomado en Fisioterapia, Col. COFICAM 850. Tendinopat\u00edas. ATM. EPTE. Fibrolisis instrumental. Punci\u00f3n seca. Entrenamiento funcional.","og_url":"https:\/\/iphysio.es\/index.php\/luis-navas\/","og_site_name":"Cl\u00ednica iPhysio Therapy","article_publisher":"https:\/\/www.facebook.com\/iPhysioTalavera\/","article_modified_time":"2023-09-20T09:39:08+00:00","og_image":[{"url":"https:\/\/iphysio.es\/wp-content\/uploads\/2023\/09\/Luis.jpg","type":"","width":"","height":""}],"twitter_card":"summary_large_image","twitter_site":"@IphysioT","twitter_misc":{"Tiempo de lectura":"2 minutos"},"schema":{"@context":"https:\/\/schema.org","@graph":[{"@type":"WebPage","@id":"https:\/\/iphysio.es\/index.php\/luis-navas\/","url":"https:\/\/iphysio.es\/index.php\/luis-navas\/","name":"Luis Navas, Fisioterapeuta en Talavera | Cl\u00ednica iPhysio Therapy","isPartOf":{"@id":"https:\/\/iphysio.es\/#website"},"primaryImageOfPage":{"@id":"https:\/\/iphysio.es\/index.php\/luis-navas\/#primaryimage"},"image":{"@id":"https:\/\/iphysio.es\/index.php\/luis-navas\/#primaryimage"},"thumbnailUrl":"https:\/\/iphysio.es\/wp-content\/uploads\/2023\/09\/Luis.jpg","datePublished":"2017-02-08T10:04:54+00:00","dateModified":"2023-09-20T09:39:08+00:00","description":"Luis Navas, Diplomado en Fisioterapia, Col. COFICAM 850. Tendinopat\u00edas. ATM. EPTE. Fibrolisis instrumental. Punci\u00f3n seca. Entrenamiento funcional.","breadcrumb":{"@id":"https:\/\/iphysio.es\/index.php\/luis-navas\/#breadcrumb"},"inLanguage":"es","potentialAction":[{"@type":"ReadAction","target":["https:\/\/iphysio.es\/index.php\/luis-navas\/"]}]},{"@type":"ImageObject","inLanguage":"es","@id":"https:\/\/iphysio.es\/index.php\/luis-navas\/#primaryimage","url":"https:\/\/iphysio.es\/wp-content\/uploads\/2023\/09\/Luis.jpg","contentUrl":"https:\/\/iphysio.es\/wp-content\/uploads\/2023\/09\/Luis.jpg","width":600,"height":800},{"@type":"BreadcrumbList","@id":"https:\/\/iphysio.es\/index.php\/luis-navas\/#breadcrumb","itemListElement":[{"@type":"ListItem","position":1,"name":"Portada","item":"https:\/\/iphysio.es\/"},{"@type":"ListItem","position":2,"name":"Fisioterapeuta | Luis Navas"}]},{"@type":"WebSite","@id":"https:\/\/iphysio.es\/#website","url":"https:\/\/iphysio.es\/","name":"Cl\u00ednica iPhysio Therapy","description":"Fisioterapia, Nutrici\u00f3n y Diet\u00e9tica, Pilates, Hipopresivos, Lumbalgias, Cervicalgias, Esguinces, Biomec\u00e1nica","publisher":{"@id":"https:\/\/iphysio.es\/#organization"},"potentialAction":[{"@type":"SearchAction","target":{"@type":"EntryPoint","urlTemplate":"https:\/\/iphysio.es\/?s={search_term_string}"},"query-input":{"@type":"PropertyValueSpecification","valueRequired":true,"valueName":"search_term_string"}}],"inLanguage":"es"},{"@type":"Organization","@id":"https:\/\/iphysio.es\/#organization","name":"Fisiotalavera S.L.","url":"https:\/\/iphysio.es\/","logo":{"@type":"ImageObject","inLanguage":"es","@id":"https:\/\/iphysio.es\/#\/schema\/logo\/image\/","url":"https:\/\/iphysio.es\/wp-content\/uploads\/2016\/11\/cropped-solologo.png","contentUrl":"https:\/\/iphysio.es\/wp-content\/uploads\/2016\/11\/cropped-solologo.png","width":402,"height":428,"caption":"Fisiotalavera S.L."},"image":{"@id":"https:\/\/iphysio.es\/#\/schema\/logo\/image\/"},"sameAs":["https:\/\/www.facebook.com\/iPhysioTalavera\/","https:\/\/x.com\/IphysioT"]}]}},"_links":{"self":[{"href":"https:\/\/iphysio.es\/index.php\/wp-json\/wp\/v2\/pages\/498","targetHints":{"allow":["GET"]}}],"collection":[{"href":"https:\/\/iphysio.es\/index.php\/wp-json\/wp\/v2\/pages"}],"about":[{"href":"https:\/\/iphysio.es\/index.php\/wp-json\/wp\/v2\/types\/page"}],"author":[{"embeddable":true,"href":"https:\/\/iphysio.es\/index.php\/wp-json\/wp\/v2\/users\/2"}],"replies":[{"embeddable":true,"href":"https:\/\/iphysio.es\/index.php\/wp-json\/wp\/v2\/comments?post=498"}],"version-history":[{"count":0,"href":"https:\/\/iphysio.es\/index.php\/wp-json\/wp\/v2\/pages\/498\/revisions"}],"wp:attachment":[{"href":"https:\/\/iphysio.es\/index.php\/wp-json\/wp\/v2\/media?parent=498"}],"curies":[{"name":"wp","href":"https:\/\/api.w.org\/{rel}","templated":true}]}}