{"id":2491,"date":"2018-10-19T10:59:51","date_gmt":"2018-10-19T10:59:51","guid":{"rendered":"https:\/\/iphysio.es\/?page_id=2491"},"modified":"2021-01-07T18:50:05","modified_gmt":"2021-01-07T17:50:05","slug":"talleres","status":"publish","type":"page","link":"https:\/\/iphysio.es\/index.php\/talleres\/","title":{"rendered":"Talleres"},"content":{"rendered":"<h1><strong>Talleres y cursos iPhysio<\/strong><\/h1>\n<p style=\"text-align: left;\" align=\"justify\"><div class=\"su-row\"><div class=\"su-column su-column-size-2-3\"><div class=\"su-column-inner su-u-clearfix su-u-trim\">Talleres y cursos, por qu\u00e9.\u00a0<strong>Cl\u00ednica iPhysio Therapy<\/strong>, que ofrece una de las mayores, mejores y m\u00e1s completas ofertas asistenciales en Talavera de la Reina y su comarca, con servicios en fisioterapia y nutrici\u00f3n, es tambi\u00e9n <strong>pionera en el cuidado global de la salud<\/strong>.<\/p>\n<h4 align=\"justify\"><div class=\"su-quote su-quote-style-default su-quote-has-cite\"><div class=\"su-quote-inner su-u-clearfix su-u-trim\">La salud es un estado de completo bienestar\u00a0f\u00edsico, mental y social, y no solamente la ausencia de afecciones o enfermedades<strong>.<\/strong><span class=\"su-quote-cite\">Organizaci\u00f3n Mundial de la Salud (OMS)<\/span><\/div><\/div><\/h4>\n<p style=\"text-align: left;\" align=\"justify\">Por eso, Cl\u00ednica iPhysio Therapy <strong>programa talleres y otras actividades<\/strong>, en general de car\u00e1cter monogr\u00e1fico, destinados a explorar y compartir t\u00e9cnicas <strong>que contribuyan tanto al bienestar f\u00edsico como al emocional<\/strong>. As\u00ed impulsamos el acercamiento a ese <a href=\"https:\/\/www.who.int\/governance\/eb\/who_constitution_sp.pdf\" target=\"_blank\" rel=\"noopener\">concepto de salud que propugna la OMS<\/a>\u00a0<em>(en su constituci\u00f3n, Nueva York 1946)<\/em> y que, siempre que sea posible, queremos abordar como un todo.<\/p>\n<p style=\"text-align: left;\" align=\"justify\">En este sentido, los talleres iPhysio se dise\u00f1an precisamente <strong>para favorecer tanto el crecimiento personal como el equilibrio f\u00edsico<\/strong>. Queremos\u00a0facilitar la mejora y el fortalecimiento tanto f\u00edsicos como psicol\u00f3gicos, y mediante estas actividades puntuales <strong>esperamos aportar herramientas de desarrollo y aprendizaje<\/strong> que ayuden a conseguirlo.<\/p>\n<p align=\"justify\">Tanto aqu\u00ed\u00a0<strong>en nuestra web<\/strong>, como <strong>en nuestras RRSS<\/strong> (<a href=\"https:\/\/www.facebook.com\/iPhysioTalavera\/\" target=\"_blank\" rel=\"noopener\">Facebook<\/a> y <a href=\"https:\/\/twitter.com\/IphysioT\" target=\"_blank\" rel=\"noopener\">Twitter<\/a>), <strong>podr\u00e1s estar al d\u00eda de nuestra programaci\u00f3n de talleres y cursos<\/strong>, y encontrar el que se adapte a lo que necesitas o a lo que buscas.<\/div><\/div>\n<div class=\"su-column su-column-size-1-3\"><div class=\"su-column-inner su-u-clearfix su-u-trim\"><img loading=\"lazy\" decoding=\"async\" class=\"alignnone wp-image-3067 size-full\" title=\"Talleres en Cl\u00ednica iPhysio Therapy\" src=\"https:\/\/iphysio.es\/wp-content\/uploads\/2018\/10\/mindfulness-meditacion-3.jpg\" alt=\"Talleres iPhysio\" width=\"600\" height=\"900\" srcset=\"https:\/\/iphysio.es\/wp-content\/uploads\/2018\/10\/mindfulness-meditacion-3.jpg 600w, https:\/\/iphysio.es\/wp-content\/uploads\/2018\/10\/mindfulness-meditacion-3-200x300.jpg 200w\" sizes=\"auto, (max-width: 600px) 100vw, 600px\" \/><\/p>\n<p style=\"text-align: left;\" align=\"justify\"><\/div><\/div><\/div>\n<div class=\"su-row\"><div class=\"su-column su-column-size-2-3\"><div class=\"su-column-inner su-u-clearfix su-u-trim\">\n<h2><img loading=\"lazy\" decoding=\"async\" class=\"wp-image-6 alignleft\" src=\"https:\/\/iphysio.es\/wp-content\/uploads\/2016\/11\/solologo.png\" alt=\"Iphysio Therapy\" width=\"40\" height=\"43\" srcset=\"https:\/\/iphysio.es\/wp-content\/uploads\/2016\/11\/solologo.png 402w, https:\/\/iphysio.es\/wp-content\/uploads\/2016\/11\/solologo-282x300.png 282w\" sizes=\"auto, (max-width: 40px) 100vw, 40px\" \/><strong>Talleres de Psicolog\u00eda y Salud<\/strong><\/h2>\n<p><span style=\"color: #000000;\"><strong>Profesora: Ana Serrano.<\/strong><\/span><\/p>\n<ul>\n<li>Psic\u00f3loga colegiada y Experta en Mindfulness por el Colegio Oficial de Psic\u00f3logos. Instructora de Mindfulness Mindfulness Center de la Universidad de Brown en EEUU.<\/li>\n<li>Instructora cualificada para impartir el programa oficial MBSR por el Mindfulness Center de la Universidad de Brown y por el Center for Mindfulness de la Universidad de Massachusetts.<\/li>\n<li>Colaboradora en la Cl\u00ednica iPhysio Therapy en Talavera de la Reina y en el Centro de Psicolog\u00eda Psicopartner de Madrid impartiendo psicoeducaci\u00f3n mediante intervenciones basadas en\u00a0Mindfulness.<\/li>\n<\/ul>\n<p>Puedes consultar su C.V. <a href=\"https:\/\/www.linkedin.com\/in\/anaserranomindfulness\/\" target=\"_blank\" rel=\"noopener\">en este enlace<\/a><\/p>\n<h5><div class=\"su-quote su-quote-style-default\"><div class=\"su-quote-inner su-u-clearfix su-u-trim\">Desde iPhysio, nos preocupamos por tu bienestar y crecimiento personal.<\/div><\/div><\/h5>\n<p>Por eso\u00a0<strong>vamos a\u00a0comenzar nuestro PROGRAMA DE PSICOLOG\u00cdA Y SALUD<\/strong>, con\u00a0 talleres y cursos en los que la base o eje fundamental ser\u00e1 la pr\u00e1ctica del <strong>Mindfulness<\/strong><em> (ver <strong><a href=\"https:\/\/iphysio.es\/index.php\/2018\/10\/17\/mindfulness-en-iphysio\/\" target=\"_blank\" rel=\"noopener\">Blog<\/a><\/strong>)<\/em>: <strong>Atenci\u00f3n Plena o Consciente<\/strong>.\u00a0Se trata de una forma especial de\u00a0prestar atenci\u00f3n al momento presente,\u00a0de forma consciente, con aceptaci\u00f3n y sin juicios. Y <strong>te ense\u00f1aremos<\/strong> a hacerlo y a utilizarlo en tu d\u00eda a d\u00eda.<\/p>\n<p>As\u00ed que te animamos a que te unas a nosotros, para que aprendas a <strong>cultivar tu capacidad natural<\/strong> de involucrarte activamente en tu propio cuidado, y encuentres un mayor <strong>equilibrio y tranquilidad<\/strong>.<\/p>\n<\/div><\/div> <div class=\"su-column su-column-size-1-3\"><div class=\"su-column-inner su-u-clearfix su-u-trim\">\n<h6 style=\"text-align: center;\"><div class=\"su-note\"  style=\"border-color:#9ec264;border-radius:2px;-moz-border-radius:2px;-webkit-border-radius:2px;\"><div class=\"su-note-inner su-u-clearfix su-u-trim\" style=\"background-color:#b8dc7e;border-color:#ffffff;color:#FFFFFF;border-radius:2px;-moz-border-radius:2px;-webkit-border-radius:2px;\">MINDFULNESS PARA REDUCIR EL ESTR\u00c9S 2021<br \/>\n<strong><span style=\"color: #000000;\">M\u00e1s Informaci\u00f3n<\/span><\/div><\/div><\/strong><\/h6>\n<p><img loading=\"lazy\" decoding=\"async\" class=\"wp-image-3027 aligncenter\" style=\"font-size: 17px; font-weight: bold; letter-spacing: 1.7px; text-transform: uppercase;\" src=\"https:\/\/iphysio.es\/wp-content\/uploads\/2018\/10\/mindfulness-iphysio-1024x683.jpg\" alt=\"\" width=\"550\" height=\"367\" srcset=\"https:\/\/iphysio.es\/wp-content\/uploads\/2018\/10\/mindfulness-iphysio-1024x683.jpg 1024w, https:\/\/iphysio.es\/wp-content\/uploads\/2018\/10\/mindfulness-iphysio-300x200.jpg 300w, https:\/\/iphysio.es\/wp-content\/uploads\/2018\/10\/mindfulness-iphysio-768x512.jpg 768w, https:\/\/iphysio.es\/wp-content\/uploads\/2018\/10\/mindfulness-iphysio-600x400.jpg 600w, https:\/\/iphysio.es\/wp-content\/uploads\/2018\/10\/mindfulness-iphysio.jpg 1200w\" sizes=\"auto, (max-width: 550px) 100vw, 550px\" \/><\/p>\n<p style=\"text-align: center;\"><span style=\"color: #999999;\"><em>Por qu\u00e9 sigues en la prisi\u00f3n<\/em><\/span><br \/>\n<span style=\"color: #999999;\"><em>cuando las puertas est\u00e1n tan abiertas<\/em><\/span><br \/>\n<span style=\"color: #999999;\"><em>sal del nudo del pensamiento del miedo<\/em><\/span><br \/>\n<span style=\"color: #999999;\"><em>vive en el silencio<\/em><\/span><br \/>\n<span style=\"color: #999999;\"><em>fluye m\u00e1s y m\u00e1s hacia abajo<\/em><\/span><br \/>\n<span style=\"color: #999999;\"><em>sacia las ondas del ser<\/em><\/span><br \/>\n<span style=\"color: #999999;\"><em>que constantemente se van agrandando<\/em><\/span><\/p>\n<p style=\"text-align: center;\"><span style=\"color: #999999;\">Rumi<\/span><\/p>\n<\/div><\/div><\/div>\n<h4><\/h4>\n<h4>\u00bfQuieres estar al d\u00eda? Sigue nuestras actividades en <a href=\"https:\/\/www.facebook.com\/iPhysioTalavera\/\" target=\"_blank\" rel=\"noopener\"><strong>RRSS<\/strong><\/a>.<\/h4>\n ","protected":false},"excerpt":{"rendered":"<p>Talleres y cursos iPhysio \u00bfQuieres estar al d\u00eda? Sigue nuestras actividades en RRSS.<\/p>\n","protected":false},"author":1,"featured_media":0,"parent":0,"menu_order":0,"comment_status":"closed","ping_status":"closed","template":"","meta":{"footnotes":"","_links_to":"","_links_to_target":""},"class_list":["post-2491","page","type-page","status-publish","hentry"],"yoast_head":"<!-- This site is optimized with the Yoast SEO plugin v27.5 - https:\/\/yoast.com\/product\/yoast-seo-wordpress\/ -->\n<title>Talleres y cursos en Talavera | Cl\u00ednica iPhysio Therapy<\/title>\n<meta name=\"description\" content=\"Talleres y cursos en Talavera; actividades para explorar y compartir t\u00e9cnicas y h\u00e1bitos para el bienestar f\u00edsico y emocional. En Cl\u00ednica iPhysio Therapy.\" \/>\n<meta name=\"robots\" content=\"index, follow, max-snippet:-1, max-image-preview:large, max-video-preview:-1\" \/>\n<link rel=\"canonical\" href=\"https:\/\/iphysio.es\/index.php\/talleres\/\" \/>\n<meta property=\"og:locale\" content=\"es_ES\" \/>\n<meta property=\"og:type\" content=\"article\" \/>\n<meta property=\"og:title\" content=\"Talleres y cursos en Talavera | Cl\u00ednica iPhysio Therapy\" \/>\n<meta property=\"og:description\" content=\"Talleres y cursos en Talavera; actividades para explorar y compartir t\u00e9cnicas y h\u00e1bitos para el bienestar f\u00edsico y emocional. En Cl\u00ednica iPhysio Therapy.\" \/>\n<meta property=\"og:url\" content=\"https:\/\/iphysio.es\/index.php\/talleres\/\" \/>\n<meta property=\"og:site_name\" content=\"Cl\u00ednica iPhysio Therapy\" \/>\n<meta property=\"article:publisher\" content=\"https:\/\/www.facebook.com\/iPhysioTalavera\/\" \/>\n<meta property=\"article:modified_time\" content=\"2021-01-07T17:50:05+00:00\" \/>\n<meta property=\"og:image\" content=\"https:\/\/iphysio.es\/wp-content\/uploads\/2018\/10\/mindfulness-meditacion-3.jpg\" \/>\n<meta name=\"twitter:card\" content=\"summary_large_image\" \/>\n<meta name=\"twitter:site\" content=\"@IphysioT\" \/>\n<meta name=\"twitter:label1\" content=\"Tiempo de lectura\" \/>\n\t<meta name=\"twitter:data1\" content=\"3 minutos\" \/>\n<script type=\"application\/ld+json\" class=\"yoast-schema-graph\">{\"@context\":\"https:\\\/\\\/schema.org\",\"@graph\":[{\"@type\":\"WebPage\",\"@id\":\"https:\\\/\\\/iphysio.es\\\/index.php\\\/talleres\\\/\",\"url\":\"https:\\\/\\\/iphysio.es\\\/index.php\\\/talleres\\\/\",\"name\":\"Talleres y cursos en Talavera | Cl\u00ednica iPhysio Therapy\",\"isPartOf\":{\"@id\":\"https:\\\/\\\/iphysio.es\\\/#website\"},\"primaryImageOfPage\":{\"@id\":\"https:\\\/\\\/iphysio.es\\\/index.php\\\/talleres\\\/#primaryimage\"},\"image\":{\"@id\":\"https:\\\/\\\/iphysio.es\\\/index.php\\\/talleres\\\/#primaryimage\"},\"thumbnailUrl\":\"https:\\\/\\\/iphysio.es\\\/wp-content\\\/uploads\\\/2018\\\/10\\\/mindfulness-meditacion-3.jpg\",\"datePublished\":\"2018-10-19T10:59:51+00:00\",\"dateModified\":\"2021-01-07T17:50:05+00:00\",\"description\":\"Talleres y cursos en Talavera; actividades para explorar y compartir t\u00e9cnicas y h\u00e1bitos para el bienestar f\u00edsico y emocional. En Cl\u00ednica iPhysio Therapy.\",\"breadcrumb\":{\"@id\":\"https:\\\/\\\/iphysio.es\\\/index.php\\\/talleres\\\/#breadcrumb\"},\"inLanguage\":\"es\",\"potentialAction\":[{\"@type\":\"ReadAction\",\"target\":[\"https:\\\/\\\/iphysio.es\\\/index.php\\\/talleres\\\/\"]}]},{\"@type\":\"ImageObject\",\"inLanguage\":\"es\",\"@id\":\"https:\\\/\\\/iphysio.es\\\/index.php\\\/talleres\\\/#primaryimage\",\"url\":\"https:\\\/\\\/iphysio.es\\\/wp-content\\\/uploads\\\/2018\\\/10\\\/mindfulness-meditacion-3.jpg\",\"contentUrl\":\"https:\\\/\\\/iphysio.es\\\/wp-content\\\/uploads\\\/2018\\\/10\\\/mindfulness-meditacion-3.jpg\",\"width\":600,\"height\":900},{\"@type\":\"BreadcrumbList\",\"@id\":\"https:\\\/\\\/iphysio.es\\\/index.php\\\/talleres\\\/#breadcrumb\",\"itemListElement\":[{\"@type\":\"ListItem\",\"position\":1,\"name\":\"Portada\",\"item\":\"https:\\\/\\\/iphysio.es\\\/\"},{\"@type\":\"ListItem\",\"position\":2,\"name\":\"Talleres\"}]},{\"@type\":\"WebSite\",\"@id\":\"https:\\\/\\\/iphysio.es\\\/#website\",\"url\":\"https:\\\/\\\/iphysio.es\\\/\",\"name\":\"Cl\u00ednica iPhysio Therapy\",\"description\":\"Fisioterapia, Nutrici\u00f3n y Diet\u00e9tica, Pilates, Hipopresivos, Lumbalgias, Cervicalgias, Esguinces, Biomec\u00e1nica\",\"publisher\":{\"@id\":\"https:\\\/\\\/iphysio.es\\\/#organization\"},\"potentialAction\":[{\"@type\":\"SearchAction\",\"target\":{\"@type\":\"EntryPoint\",\"urlTemplate\":\"https:\\\/\\\/iphysio.es\\\/?s={search_term_string}\"},\"query-input\":{\"@type\":\"PropertyValueSpecification\",\"valueRequired\":true,\"valueName\":\"search_term_string\"}}],\"inLanguage\":\"es\"},{\"@type\":\"Organization\",\"@id\":\"https:\\\/\\\/iphysio.es\\\/#organization\",\"name\":\"Fisiotalavera S.L.\",\"url\":\"https:\\\/\\\/iphysio.es\\\/\",\"logo\":{\"@type\":\"ImageObject\",\"inLanguage\":\"es\",\"@id\":\"https:\\\/\\\/iphysio.es\\\/#\\\/schema\\\/logo\\\/image\\\/\",\"url\":\"https:\\\/\\\/iphysio.es\\\/wp-content\\\/uploads\\\/2016\\\/11\\\/cropped-solologo.png\",\"contentUrl\":\"https:\\\/\\\/iphysio.es\\\/wp-content\\\/uploads\\\/2016\\\/11\\\/cropped-solologo.png\",\"width\":402,\"height\":428,\"caption\":\"Fisiotalavera S.L.\"},\"image\":{\"@id\":\"https:\\\/\\\/iphysio.es\\\/#\\\/schema\\\/logo\\\/image\\\/\"},\"sameAs\":[\"https:\\\/\\\/www.facebook.com\\\/iPhysioTalavera\\\/\",\"https:\\\/\\\/x.com\\\/IphysioT\"]}]}<\/script>\n<!-- \/ Yoast SEO plugin. -->","yoast_head_json":{"title":"Talleres y cursos en Talavera | Cl\u00ednica iPhysio Therapy","description":"Talleres y cursos en Talavera; actividades para explorar y compartir t\u00e9cnicas y h\u00e1bitos para el bienestar f\u00edsico y emocional. En Cl\u00ednica iPhysio Therapy.","robots":{"index":"index","follow":"follow","max-snippet":"max-snippet:-1","max-image-preview":"max-image-preview:large","max-video-preview":"max-video-preview:-1"},"canonical":"https:\/\/iphysio.es\/index.php\/talleres\/","og_locale":"es_ES","og_type":"article","og_title":"Talleres y cursos en Talavera | Cl\u00ednica iPhysio Therapy","og_description":"Talleres y cursos en Talavera; actividades para explorar y compartir t\u00e9cnicas y h\u00e1bitos para el bienestar f\u00edsico y emocional. En Cl\u00ednica iPhysio Therapy.","og_url":"https:\/\/iphysio.es\/index.php\/talleres\/","og_site_name":"Cl\u00ednica iPhysio Therapy","article_publisher":"https:\/\/www.facebook.com\/iPhysioTalavera\/","article_modified_time":"2021-01-07T17:50:05+00:00","og_image":[{"url":"https:\/\/iphysio.es\/wp-content\/uploads\/2018\/10\/mindfulness-meditacion-3.jpg","type":"","width":"","height":""}],"twitter_card":"summary_large_image","twitter_site":"@IphysioT","twitter_misc":{"Tiempo de lectura":"3 minutos"},"schema":{"@context":"https:\/\/schema.org","@graph":[{"@type":"WebPage","@id":"https:\/\/iphysio.es\/index.php\/talleres\/","url":"https:\/\/iphysio.es\/index.php\/talleres\/","name":"Talleres y cursos en Talavera | Cl\u00ednica iPhysio Therapy","isPartOf":{"@id":"https:\/\/iphysio.es\/#website"},"primaryImageOfPage":{"@id":"https:\/\/iphysio.es\/index.php\/talleres\/#primaryimage"},"image":{"@id":"https:\/\/iphysio.es\/index.php\/talleres\/#primaryimage"},"thumbnailUrl":"https:\/\/iphysio.es\/wp-content\/uploads\/2018\/10\/mindfulness-meditacion-3.jpg","datePublished":"2018-10-19T10:59:51+00:00","dateModified":"2021-01-07T17:50:05+00:00","description":"Talleres y cursos en Talavera; actividades para explorar y compartir t\u00e9cnicas y h\u00e1bitos para el bienestar f\u00edsico y emocional. En Cl\u00ednica iPhysio Therapy.","breadcrumb":{"@id":"https:\/\/iphysio.es\/index.php\/talleres\/#breadcrumb"},"inLanguage":"es","potentialAction":[{"@type":"ReadAction","target":["https:\/\/iphysio.es\/index.php\/talleres\/"]}]},{"@type":"ImageObject","inLanguage":"es","@id":"https:\/\/iphysio.es\/index.php\/talleres\/#primaryimage","url":"https:\/\/iphysio.es\/wp-content\/uploads\/2018\/10\/mindfulness-meditacion-3.jpg","contentUrl":"https:\/\/iphysio.es\/wp-content\/uploads\/2018\/10\/mindfulness-meditacion-3.jpg","width":600,"height":900},{"@type":"BreadcrumbList","@id":"https:\/\/iphysio.es\/index.php\/talleres\/#breadcrumb","itemListElement":[{"@type":"ListItem","position":1,"name":"Portada","item":"https:\/\/iphysio.es\/"},{"@type":"ListItem","position":2,"name":"Talleres"}]},{"@type":"WebSite","@id":"https:\/\/iphysio.es\/#website","url":"https:\/\/iphysio.es\/","name":"Cl\u00ednica iPhysio Therapy","description":"Fisioterapia, Nutrici\u00f3n y Diet\u00e9tica, Pilates, Hipopresivos, Lumbalgias, Cervicalgias, Esguinces, Biomec\u00e1nica","publisher":{"@id":"https:\/\/iphysio.es\/#organization"},"potentialAction":[{"@type":"SearchAction","target":{"@type":"EntryPoint","urlTemplate":"https:\/\/iphysio.es\/?s={search_term_string}"},"query-input":{"@type":"PropertyValueSpecification","valueRequired":true,"valueName":"search_term_string"}}],"inLanguage":"es"},{"@type":"Organization","@id":"https:\/\/iphysio.es\/#organization","name":"Fisiotalavera S.L.","url":"https:\/\/iphysio.es\/","logo":{"@type":"ImageObject","inLanguage":"es","@id":"https:\/\/iphysio.es\/#\/schema\/logo\/image\/","url":"https:\/\/iphysio.es\/wp-content\/uploads\/2016\/11\/cropped-solologo.png","contentUrl":"https:\/\/iphysio.es\/wp-content\/uploads\/2016\/11\/cropped-solologo.png","width":402,"height":428,"caption":"Fisiotalavera S.L."},"image":{"@id":"https:\/\/iphysio.es\/#\/schema\/logo\/image\/"},"sameAs":["https:\/\/www.facebook.com\/iPhysioTalavera\/","https:\/\/x.com\/IphysioT"]}]}},"_links":{"self":[{"href":"https:\/\/iphysio.es\/index.php\/wp-json\/wp\/v2\/pages\/2491","targetHints":{"allow":["GET"]}}],"collection":[{"href":"https:\/\/iphysio.es\/index.php\/wp-json\/wp\/v2\/pages"}],"about":[{"href":"https:\/\/iphysio.es\/index.php\/wp-json\/wp\/v2\/types\/page"}],"author":[{"embeddable":true,"href":"https:\/\/iphysio.es\/index.php\/wp-json\/wp\/v2\/users\/1"}],"replies":[{"embeddable":true,"href":"https:\/\/iphysio.es\/index.php\/wp-json\/wp\/v2\/comments?post=2491"}],"version-history":[{"count":0,"href":"https:\/\/iphysio.es\/index.php\/wp-json\/wp\/v2\/pages\/2491\/revisions"}],"wp:attachment":[{"href":"https:\/\/iphysio.es\/index.php\/wp-json\/wp\/v2\/media?parent=2491"}],"curies":[{"name":"wp","href":"https:\/\/api.w.org\/{rel}","templated":true}]}}